{"id":142,"date":"2022-09-14T12:38:30","date_gmt":"2022-09-14T10:38:30","guid":{"rendered":"https:\/\/siemianowice.pl\/geodezja\/?page_id=142"},"modified":"2022-09-14T14:05:34","modified_gmt":"2022-09-14T12:05:34","slug":"poradnik-interesanta","status":"publish","type":"page","link":"https:\/\/siemianowice.pl\/geodezja\/poradnik-interesanta\/","title":{"rendered":"Poradnik Interesanta"},"content":{"rendered":"\n<h3 class=\"wp-block-heading\"><a href=\"https:\/\/siemianowice.pl\/geodezja\/udostepnienie-materialow-oraz-informacji-stanowiacych-panstwowy-zasob-geodezyjny-i-kartograficzny\/\">Udost\u0119pnienie materia\u0142\u00f3w oraz informacji stanowi\u0105cych pa\u0144stwowy zas\u00f3b geodezyjny i kartograficzny<\/a><\/h3>\n\n\n\n<h3 class=\"wp-block-heading\"><a href=\"https:\/\/siemianowice.pl\/geodezja\/wydanie-wypisu-wypisu-i-wyrysu-wyrysu-z-ewidencji-gruntow-i-budynkow\/\">Wydanie wypisu\/wypisu i wyrysu\/wyrysu z ewidencji grunt\u00f3w i budynk\u00f3w<\/a><\/h3>\n\n\n\n<h3 class=\"wp-block-heading\"><a href=\"https:\/\/siemianowice.pl\/geodezja\/aktualizacja-ewidencji-gruntow-i-budynkow\/\">Aktualizacja ewidencji grunt\u00f3w i budynk\u00f3w<\/a><\/h3>\n\n\n\n<h3 class=\"wp-block-heading\"><a href=\"https:\/\/siemianowice.pl\/geodezja\/gleboznawcza-klasyfikacja-gruntow\/\">Gleboznawcza klasyfikacja grunt\u00f3w<\/a><\/h3>\n\n\n\n<h3 class=\"wp-block-heading\"><a href=\"https:\/\/siemianowice.pl\/geodezja\/koordynacja-usytuowania-projektowanych-sieci-uzbrojenia-terenu\/\">Koordynacja usytuowania projektowanych sieci uzbrojenia terenu<\/a><\/h3>\n\n\n\n<h3 class=\"wp-block-heading\"><a href=\"https:\/\/siemianowice.pl\/geodezja\/ustalenie-numeru-porzadkowego\/\">Ustalenie numeru porz\u0105dkowego<\/a><\/h3>\n\n\n\n<h3 class=\"wp-block-heading\"><a href=\"https:\/\/siemianowice.pl\/geodezja\/rozgraniczenie-nieruchomosci\/\">Rozgraniczenie nieruchomo\u015bci<\/a><\/h3>\n\n\n\n<h3 class=\"wp-block-heading\"><a href=\"https:\/\/siemianowice.pl\/geodezja\/podzial-geodezyjny-nieruchomosci\/\">Podzia\u0142 geodezyjny nieruchomo\u015bci<\/a><\/h3>\n\n\n\n<h3 class=\"wp-block-heading\"><a href=\"https:\/\/siemianowice.pl\/geodezja\/zapytania-komornicze\/\">Zapytania komornicze<\/a><\/h3>\n\n\n\n<h3 class=\"wp-block-heading\"><a href=\"https:\/\/siemianowice.pl\/geodezja\/rejestr-cen-nieruchomosci-dla-rzeczoznawcow\/\">Rejestr cen nieruchomo\u015bci dla rzeczoznawc\u00f3w<\/a><\/h3>\n\n\n\n<h3 class=\"wp-block-heading\"><a href=\"https:\/\/siemianowice.pl\/geodezja\/internetowe-narady-koordynacyjne-informacja-dla-gestorow-sieci\/\">Internetowe narady koordynacyjne &#8211; informacja dla gestor\u00f3w sieci<\/a><\/h3>\n\n\n\n<h3 class=\"wp-block-heading\"><a href=\"https:\/\/siemianowice.pl\/geodezja\/internetowe-narady-koordynacyjne-informacja-dla-inwestorow-i-projektantow\/\">Internetowe narady koordynacyjne &#8211; informacja dla inwestor\u00f3w i projektant\u00f3w<\/a><\/h3>\n","protected":false},"excerpt":{"rendered":"<p>Udost\u0119pnienie materia\u0142\u00f3w oraz informacji stanowi\u0105cych pa\u0144stwowy zas\u00f3b geodezyjny i kartograficzny Wydanie wypisu\/wypisu i wyrysu\/wyrysu z ewidencji grunt\u00f3w i budynk\u00f3w Aktualizacja ewidencji grunt\u00f3w i budynk\u00f3w Gleboznawcza klasyfikacja grunt\u00f3w Koordynacja usytuowania projektowanych sieci uzbrojenia terenu Ustalenie numeru porz\u0105dkowego Rozgraniczenie nieruchomo\u015bci Podzia\u0142 geodezyjny nieruchomo\u015bci Zapytania komornicze Rejestr cen nieruchomo\u015bci dla rzeczoznawc\u00f3w Internetowe narady koordynacyjne &#8211; informacja dla gestor\u00f3w [&hellip;]<\/p>\n","protected":false},"author":40,"featured_media":0,"parent":0,"menu_order":0,"comment_status":"closed","ping_status":"closed","template":"","meta":{"_acf_changed":false,"footnotes":""},"class_list":["post-142","page","type-page","status-publish","hentry"],"acf":[],"yoast_head":"<!-- This site is optimized with the Yoast SEO plugin v26.9 - https:\/\/yoast.com\/product\/yoast-seo-wordpress\/ -->\n<title>Poradnik Interesanta - Grodzki O\u015brodek Dokumentacji Geodezyjnej i Kartograficznej w Siemianowicach \u015al\u0105skich<\/title>\n<meta name=\"robots\" content=\"index, follow, max-snippet:-1, max-image-preview:large, max-video-preview:-1\" \/>\n<link rel=\"canonical\" href=\"https:\/\/siemianowice.pl\/geodezja\/poradnik-interesanta\/\" \/>\n<meta property=\"og:locale\" content=\"pl_PL\" \/>\n<meta property=\"og:type\" content=\"article\" \/>\n<meta property=\"og:title\" content=\"Poradnik Interesanta - Grodzki O\u015brodek Dokumentacji Geodezyjnej i Kartograficznej w Siemianowicach \u015al\u0105skich\" \/>\n<meta property=\"og:description\" content=\"Udost\u0119pnienie materia\u0142\u00f3w oraz informacji stanowi\u0105cych pa\u0144stwowy zas\u00f3b geodezyjny i kartograficzny Wydanie wypisu\/wypisu i wyrysu\/wyrysu z ewidencji grunt\u00f3w i budynk\u00f3w Aktualizacja ewidencji grunt\u00f3w i budynk\u00f3w Gleboznawcza klasyfikacja grunt\u00f3w Koordynacja usytuowania projektowanych sieci uzbrojenia terenu Ustalenie numeru porz\u0105dkowego Rozgraniczenie nieruchomo\u015bci Podzia\u0142 geodezyjny nieruchomo\u015bci Zapytania komornicze Rejestr cen nieruchomo\u015bci dla rzeczoznawc\u00f3w Internetowe narady koordynacyjne &#8211; informacja dla gestor\u00f3w [&hellip;]\" \/>\n<meta property=\"og:url\" content=\"https:\/\/siemianowice.pl\/geodezja\/poradnik-interesanta\/\" \/>\n<meta property=\"og:site_name\" content=\"Grodzki O\u015brodek Dokumentacji Geodezyjnej i Kartograficznej w Siemianowicach \u015al\u0105skich\" \/>\n<meta property=\"article:modified_time\" content=\"2022-09-14T12:05:34+00:00\" \/>\n<meta name=\"twitter:card\" content=\"summary_large_image\" \/>\n<meta name=\"twitter:label1\" content=\"Szacowany czas czytania\" \/>\n\t<meta name=\"twitter:data1\" content=\"1 minuta\" \/>\n<script type=\"application\/ld+json\" class=\"yoast-schema-graph\">{\"@context\":\"https:\/\/schema.org\",\"@graph\":[{\"@type\":\"WebPage\",\"@id\":\"https:\/\/siemianowice.pl\/geodezja\/poradnik-interesanta\/\",\"url\":\"https:\/\/siemianowice.pl\/geodezja\/poradnik-interesanta\/\",\"name\":\"Poradnik Interesanta - Grodzki O\u015brodek Dokumentacji Geodezyjnej i Kartograficznej w Siemianowicach \u015al\u0105skich\",\"isPartOf\":{\"@id\":\"https:\/\/siemianowice.pl\/geodezja\/#website\"},\"datePublished\":\"2022-09-14T10:38:30+00:00\",\"dateModified\":\"2022-09-14T12:05:34+00:00\",\"breadcrumb\":{\"@id\":\"https:\/\/siemianowice.pl\/geodezja\/poradnik-interesanta\/#breadcrumb\"},\"inLanguage\":\"pl-PL\",\"potentialAction\":[{\"@type\":\"ReadAction\",\"target\":[\"https:\/\/siemianowice.pl\/geodezja\/poradnik-interesanta\/\"]}]},{\"@type\":\"BreadcrumbList\",\"@id\":\"https:\/\/siemianowice.pl\/geodezja\/poradnik-interesanta\/#breadcrumb\",\"itemListElement\":[{\"@type\":\"ListItem\",\"position\":1,\"name\":\"Strona g\u0142\u00f3wna\",\"item\":\"https:\/\/siemianowice.pl\/geodezja\/\"},{\"@type\":\"ListItem\",\"position\":2,\"name\":\"Poradnik Interesanta\"}]},{\"@type\":\"WebSite\",\"@id\":\"https:\/\/siemianowice.pl\/geodezja\/#website\",\"url\":\"https:\/\/siemianowice.pl\/geodezja\/\",\"name\":\"Grodzki O\u015brodek Dokumentacji Geodezyjnej i Kartograficznej w Siemianowicach \u015al\u0105skich\",\"description\":\"Kolejna witryna sieci &#8222;Urz\u0105d Miasta w Siemianowicach \u015al\u0105skich&#8221;\",\"potentialAction\":[{\"@type\":\"SearchAction\",\"target\":{\"@type\":\"EntryPoint\",\"urlTemplate\":\"https:\/\/siemianowice.pl\/geodezja\/?s={search_term_string}\"},\"query-input\":{\"@type\":\"PropertyValueSpecification\",\"valueRequired\":true,\"valueName\":\"search_term_string\"}}],\"inLanguage\":\"pl-PL\"}]}<\/script>\n<!-- \/ Yoast SEO plugin. -->","yoast_head_json":{"title":"Poradnik Interesanta - Grodzki O\u015brodek Dokumentacji Geodezyjnej i Kartograficznej w Siemianowicach \u015al\u0105skich","robots":{"index":"index","follow":"follow","max-snippet":"max-snippet:-1","max-image-preview":"max-image-preview:large","max-video-preview":"max-video-preview:-1"},"canonical":"https:\/\/siemianowice.pl\/geodezja\/poradnik-interesanta\/","og_locale":"pl_PL","og_type":"article","og_title":"Poradnik Interesanta - Grodzki O\u015brodek Dokumentacji Geodezyjnej i Kartograficznej w Siemianowicach \u015al\u0105skich","og_description":"Udost\u0119pnienie materia\u0142\u00f3w oraz informacji stanowi\u0105cych pa\u0144stwowy zas\u00f3b geodezyjny i kartograficzny Wydanie wypisu\/wypisu i wyrysu\/wyrysu z ewidencji grunt\u00f3w i budynk\u00f3w Aktualizacja ewidencji grunt\u00f3w i budynk\u00f3w Gleboznawcza klasyfikacja grunt\u00f3w Koordynacja usytuowania projektowanych sieci uzbrojenia terenu Ustalenie numeru porz\u0105dkowego Rozgraniczenie nieruchomo\u015bci Podzia\u0142 geodezyjny nieruchomo\u015bci Zapytania komornicze Rejestr cen nieruchomo\u015bci dla rzeczoznawc\u00f3w Internetowe narady koordynacyjne &#8211; informacja dla gestor\u00f3w [&hellip;]","og_url":"https:\/\/siemianowice.pl\/geodezja\/poradnik-interesanta\/","og_site_name":"Grodzki O\u015brodek Dokumentacji Geodezyjnej i Kartograficznej w Siemianowicach \u015al\u0105skich","article_modified_time":"2022-09-14T12:05:34+00:00","twitter_card":"summary_large_image","twitter_misc":{"Szacowany czas czytania":"1 minuta"},"schema":{"@context":"https:\/\/schema.org","@graph":[{"@type":"WebPage","@id":"https:\/\/siemianowice.pl\/geodezja\/poradnik-interesanta\/","url":"https:\/\/siemianowice.pl\/geodezja\/poradnik-interesanta\/","name":"Poradnik Interesanta - Grodzki O\u015brodek Dokumentacji Geodezyjnej i Kartograficznej w Siemianowicach \u015al\u0105skich","isPartOf":{"@id":"https:\/\/siemianowice.pl\/geodezja\/#website"},"datePublished":"2022-09-14T10:38:30+00:00","dateModified":"2022-09-14T12:05:34+00:00","breadcrumb":{"@id":"https:\/\/siemianowice.pl\/geodezja\/poradnik-interesanta\/#breadcrumb"},"inLanguage":"pl-PL","potentialAction":[{"@type":"ReadAction","target":["https:\/\/siemianowice.pl\/geodezja\/poradnik-interesanta\/"]}]},{"@type":"BreadcrumbList","@id":"https:\/\/siemianowice.pl\/geodezja\/poradnik-interesanta\/#breadcrumb","itemListElement":[{"@type":"ListItem","position":1,"name":"Strona g\u0142\u00f3wna","item":"https:\/\/siemianowice.pl\/geodezja\/"},{"@type":"ListItem","position":2,"name":"Poradnik Interesanta"}]},{"@type":"WebSite","@id":"https:\/\/siemianowice.pl\/geodezja\/#website","url":"https:\/\/siemianowice.pl\/geodezja\/","name":"Grodzki O\u015brodek Dokumentacji Geodezyjnej i Kartograficznej w Siemianowicach \u015al\u0105skich","description":"Kolejna witryna sieci &#8222;Urz\u0105d Miasta w Siemianowicach \u015al\u0105skich&#8221;","potentialAction":[{"@type":"SearchAction","target":{"@type":"EntryPoint","urlTemplate":"https:\/\/siemianowice.pl\/geodezja\/?s={search_term_string}"},"query-input":{"@type":"PropertyValueSpecification","valueRequired":true,"valueName":"search_term_string"}}],"inLanguage":"pl-PL"}]}},"_links":{"self":[{"href":"https:\/\/siemianowice.pl\/geodezja\/wp-json\/wp\/v2\/pages\/142","targetHints":{"allow":["GET"]}}],"collection":[{"href":"https:\/\/siemianowice.pl\/geodezja\/wp-json\/wp\/v2\/pages"}],"about":[{"href":"https:\/\/siemianowice.pl\/geodezja\/wp-json\/wp\/v2\/types\/page"}],"author":[{"embeddable":true,"href":"https:\/\/siemianowice.pl\/geodezja\/wp-json\/wp\/v2\/users\/40"}],"replies":[{"embeddable":true,"href":"https:\/\/siemianowice.pl\/geodezja\/wp-json\/wp\/v2\/comments?post=142"}],"version-history":[{"count":7,"href":"https:\/\/siemianowice.pl\/geodezja\/wp-json\/wp\/v2\/pages\/142\/revisions"}],"predecessor-version":[{"id":195,"href":"https:\/\/siemianowice.pl\/geodezja\/wp-json\/wp\/v2\/pages\/142\/revisions\/195"}],"wp:attachment":[{"href":"https:\/\/siemianowice.pl\/geodezja\/wp-json\/wp\/v2\/media?parent=142"}],"curies":[{"name":"wp","href":"https:\/\/api.w.org\/{rel}","templated":true}]}}