{"id":175,"date":"2022-09-14T13:51:52","date_gmt":"2022-09-14T11:51:52","guid":{"rendered":"https:\/\/siemianowice.pl\/geodezja\/?page_id=175"},"modified":"2022-09-14T13:51:52","modified_gmt":"2022-09-14T11:51:52","slug":"wydanie-decyzji-zatwierdzajacej-podzial-nieruchomosci","status":"publish","type":"page","link":"https:\/\/siemianowice.pl\/geodezja\/wydanie-decyzji-zatwierdzajacej-podzial-nieruchomosci\/","title":{"rendered":"Wydanie decyzji zatwierdzaj\u0105cej podzia\u0142 nieruchomo\u015bci"},"content":{"rendered":"\n<p><strong>Og\u00f3lny opis<\/strong><\/p>\n\n\n\n<ol class=\"wp-block-list\"><li>Wniosek sk\u0142ada w\u0142a\u015bciciel (wsp\u00f3\u0142w\u0142a\u015bciciele) lub wieczysty u\u017cytkownik (wsp\u00f3\u0142u\u017cytkownicy wieczy\u015bci) nieruchomo\u015bci.<\/li><li>Mapa koncepcji podzia\u0142u nieruchomo\u015bci powinna zawiera\u0107 w szczeg\u00f3lno\u015bci:<ul><li>nazw\u0119 jednostki ewidencyjnej, oznaczenie obr\u0119bu, numer arkusza mapy;<\/li><li>adres nieruchomo\u015bci podlegaj\u0105cej podzia\u0142owi;<\/li><li>skal\u0119 mapy;<\/li><li>granice nieruchomo\u015bci podlegaj\u0105cej podzia\u0142owi;<\/li><li>oznaczenie nieruchomo\u015bci podlegaj\u0105cej podzia\u0142owi wed\u0142ug danych z katastru nieruchomo\u015bci oraz ksi\u0119gi wieczystej, a w razie jej braku &#8211; wed\u0142ug innych dokument\u00f3w okre\u015blaj\u0105cych stan prawny nieruchomo\u015bci;<\/li><li>oznaczenie nieruchomo\u015bci s\u0105siednich wed\u0142ug danych z katastru nieruchomo\u015bci;<\/li><li>powierzchni\u0119 nieruchomo\u015bci podlegaj\u0105cej podzia\u0142owi oraz przedstawione w kolorze czerwonym powierzchnie projektowanych do wydzielenia dzia\u0142ek gruntu;<\/li><li>przedstawione w kolorze czerwonym granice dzielonych i projektowanych do wydzielenia dzia\u0142ek gruntu;<\/li><li>przedstawione w kolorze czerwonym oznaczenia projektowanych do wydzielenia dzia\u0142ek; &nbsp;&nbsp;<\/li><li>szkic orientacyjny w skali umo\u017cliwiaj\u0105cej zlokalizowanie nieruchomo\u015bci podlegaj\u0105cej podzia\u0142owi;<\/li><li>wykaz zmian gruntowych;<\/li><li>wykaz synchronizacyjny, w przypadku gdy w ksi\u0119dze wieczystej &#8211; lub w razie jej braku \u2013 w innych dokumentach okre\u015blaj\u0105cych stan prawny nieruchomo\u015bci, nieruchomo\u015b\u0107 podlegaj\u0105ca podzia\u0142owi posiada inne oznaczenia i inn\u0105 powierzchni\u0119 ni\u017c w katastrze nieruchomo\u015bci;<\/li><li>niezb\u0119dne do projektu podzia\u0142u nieruchomo\u015bci elementy zagospodarowania terenu,&nbsp; a w szczeg\u00f3lno\u015bci: ogrodzenia, budynki, obiekty ma\u0142ej architektury, studnie, szamba, przy\u0142\u0105cza, drzewa stanowi\u0105ce pomniki przyrody, elementy sieci uzbrojenia terenu przebiegaj\u0105ce przez nieruchomo\u015b\u0107 podlegaj\u0105c\u0105 podzia\u0142owi;<\/li><li>dat\u0119 wykonania mapy oraz imi\u0119 i nazwisko, numer uprawnie\u0144 zawodowych i podpis osoby, kt\u00f3ra wykona\u0142a map\u0119.<\/li><\/ul><\/li><li>W przypadku podzia\u0142\u00f3w zale\u017cnych od ustale\u0144 planu miejscowego, a w przypadku jego braku &#8211; zale\u017cnych od decyzji o warunkach zabudowy i zagospodarowania terenu oraz gdy nie jest on sprzeczny z przepisami odr\u0119bnymi, procedura podzia\u0142u nieruchomo\u015bci przebiega dwuetapowo.&nbsp; W pierwszym etapie wydawana jest opinia (w formie postanowienia) o mo\u017cliwo\u015bci podzia\u0142u nieruchomo\u015bci, a w drugim &#8211; decyzja zatwierdzaj\u0105ca podzia\u0142 nieruchomo\u015bci.<\/li><\/ol>\n\n\n\n<p><strong>Wymagane dokumenty<\/strong><\/p>\n\n\n\n<ol class=\"wp-block-list\"><li>Wype\u0142niony formularz wniosku.<\/li><li>Protok\u00f3\u0142 z przyj\u0119cia granic &#8211; przyj\u0119ty do zasobu geodezyjnego.<\/li><li>Wykaz zmian gruntowych &#8211; przyj\u0119ty do zasobu geodezyjnego.<\/li><li>Wykaz synchronizacyjny, je\u017celi oznaczenie dzia\u0142ek gruntu w katastrze nieruchomo\u015bci jest inne ni\u017c w ksi\u0119dze wieczystej &#8211; przyj\u0119ty do zasobu geodezyjnego.<\/li><li>Mapa z projektem podzia\u0142u &#8211; przyj\u0119ta do zasobu geodezyjnego i kartograficznego.<\/li><li>Pe\u0142nomocnictwo &#8211; w przypadku ustanowienia pe\u0142nomocnika (orygina\u0142 lub urz\u0119dowo po\u015bwiadczony odpis). Pe\u0142nomocnictwo zwolnione z op\u0142aty (art.2 ust.1 pkt 1 litera h ustawy z dnia 16 listopada 2006 roku o op\u0142acie skarbowej).<\/li><\/ol>\n\n\n\n<p><strong>Spos\u00f3b dostarczania dokument\u00f3w<\/strong><\/p>\n\n\n\n<p>1. Dokumenty, kt\u00f3re maj\u0105 by\u0107 dostarczone w orygina\u0142ach lub uwierzytelnionych kopiach nale\u017cy z\u0142o\u017cy\u0107 bezpo\u015brednio w&nbsp; urz\u0119dzie lub przes\u0142a\u0107 poczt\u0105 tradycyjn\u0105.<\/p>\n\n\n\n<p>2. W przypadku brak\u00f3w formalnych w dostarczonych dokumentach Wnioskodawca zostanie pisemnie wezwany do ich uzupe\u0142nienia w terminie nie kr\u00f3tszym ni\u017c 7 dni.<\/p>\n\n\n\n<p>Wi\u0119cej informacji&nbsp;<a href=\"https:\/\/peup.siemianowice.pl\/#!\/karta_uslugi\/25648\/wydanie-decyzji-zatwierdzajacej-podzial-nieruchomosci\">tutaj.<\/a><\/p>\n","protected":false},"excerpt":{"rendered":"<p>Og\u00f3lny opis Wniosek sk\u0142ada w\u0142a\u015bciciel (wsp\u00f3\u0142w\u0142a\u015bciciele) lub wieczysty u\u017cytkownik (wsp\u00f3\u0142u\u017cytkownicy wieczy\u015bci) nieruchomo\u015bci. Mapa koncepcji podzia\u0142u nieruchomo\u015bci powinna zawiera\u0107 w szczeg\u00f3lno\u015bci: nazw\u0119 jednostki ewidencyjnej, oznaczenie obr\u0119bu, numer arkusza mapy; adres nieruchomo\u015bci podlegaj\u0105cej podzia\u0142owi; skal\u0119 mapy; granice nieruchomo\u015bci podlegaj\u0105cej podzia\u0142owi; oznaczenie nieruchomo\u015bci podlegaj\u0105cej podzia\u0142owi wed\u0142ug danych z katastru nieruchomo\u015bci oraz ksi\u0119gi wieczystej, a w razie jej braku [&hellip;]<\/p>\n","protected":false},"author":40,"featured_media":0,"parent":0,"menu_order":0,"comment_status":"closed","ping_status":"closed","template":"","meta":{"_acf_changed":false,"footnotes":""},"class_list":["post-175","page","type-page","status-publish","hentry"],"acf":[],"yoast_head":"<!-- This site is optimized with the Yoast SEO plugin v26.9 - https:\/\/yoast.com\/product\/yoast-seo-wordpress\/ -->\n<title>Wydanie decyzji zatwierdzaj\u0105cej podzia\u0142 nieruchomo\u015bci - Grodzki O\u015brodek Dokumentacji Geodezyjnej i Kartograficznej w Siemianowicach \u015al\u0105skich<\/title>\n<meta name=\"robots\" content=\"index, follow, max-snippet:-1, max-image-preview:large, max-video-preview:-1\" \/>\n<link rel=\"canonical\" href=\"https:\/\/siemianowice.pl\/geodezja\/wydanie-decyzji-zatwierdzajacej-podzial-nieruchomosci\/\" \/>\n<meta property=\"og:locale\" content=\"pl_PL\" \/>\n<meta property=\"og:type\" content=\"article\" \/>\n<meta property=\"og:title\" content=\"Wydanie decyzji zatwierdzaj\u0105cej podzia\u0142 nieruchomo\u015bci - Grodzki O\u015brodek Dokumentacji Geodezyjnej i Kartograficznej w Siemianowicach \u015al\u0105skich\" \/>\n<meta property=\"og:description\" content=\"Og\u00f3lny opis Wniosek sk\u0142ada w\u0142a\u015bciciel (wsp\u00f3\u0142w\u0142a\u015bciciele) lub wieczysty u\u017cytkownik (wsp\u00f3\u0142u\u017cytkownicy wieczy\u015bci) nieruchomo\u015bci. Mapa koncepcji podzia\u0142u nieruchomo\u015bci powinna zawiera\u0107 w szczeg\u00f3lno\u015bci: nazw\u0119 jednostki ewidencyjnej, oznaczenie obr\u0119bu, numer arkusza mapy; adres nieruchomo\u015bci podlegaj\u0105cej podzia\u0142owi; skal\u0119 mapy; granice nieruchomo\u015bci podlegaj\u0105cej podzia\u0142owi; oznaczenie nieruchomo\u015bci podlegaj\u0105cej podzia\u0142owi wed\u0142ug danych z katastru nieruchomo\u015bci oraz ksi\u0119gi wieczystej, a w razie jej braku [&hellip;]\" \/>\n<meta property=\"og:url\" content=\"https:\/\/siemianowice.pl\/geodezja\/wydanie-decyzji-zatwierdzajacej-podzial-nieruchomosci\/\" \/>\n<meta property=\"og:site_name\" content=\"Grodzki O\u015brodek Dokumentacji Geodezyjnej i Kartograficznej w Siemianowicach \u015al\u0105skich\" \/>\n<meta name=\"twitter:card\" content=\"summary_large_image\" \/>\n<meta name=\"twitter:label1\" content=\"Szacowany czas czytania\" \/>\n\t<meta name=\"twitter:data1\" content=\"2 minuty\" \/>\n<script type=\"application\/ld+json\" class=\"yoast-schema-graph\">{\"@context\":\"https:\/\/schema.org\",\"@graph\":[{\"@type\":\"WebPage\",\"@id\":\"https:\/\/siemianowice.pl\/geodezja\/wydanie-decyzji-zatwierdzajacej-podzial-nieruchomosci\/\",\"url\":\"https:\/\/siemianowice.pl\/geodezja\/wydanie-decyzji-zatwierdzajacej-podzial-nieruchomosci\/\",\"name\":\"Wydanie decyzji zatwierdzaj\u0105cej podzia\u0142 nieruchomo\u015bci - Grodzki O\u015brodek Dokumentacji Geodezyjnej i Kartograficznej w Siemianowicach \u015al\u0105skich\",\"isPartOf\":{\"@id\":\"https:\/\/siemianowice.pl\/geodezja\/#website\"},\"datePublished\":\"2022-09-14T11:51:52+00:00\",\"breadcrumb\":{\"@id\":\"https:\/\/siemianowice.pl\/geodezja\/wydanie-decyzji-zatwierdzajacej-podzial-nieruchomosci\/#breadcrumb\"},\"inLanguage\":\"pl-PL\",\"potentialAction\":[{\"@type\":\"ReadAction\",\"target\":[\"https:\/\/siemianowice.pl\/geodezja\/wydanie-decyzji-zatwierdzajacej-podzial-nieruchomosci\/\"]}]},{\"@type\":\"BreadcrumbList\",\"@id\":\"https:\/\/siemianowice.pl\/geodezja\/wydanie-decyzji-zatwierdzajacej-podzial-nieruchomosci\/#breadcrumb\",\"itemListElement\":[{\"@type\":\"ListItem\",\"position\":1,\"name\":\"Strona g\u0142\u00f3wna\",\"item\":\"https:\/\/siemianowice.pl\/geodezja\/\"},{\"@type\":\"ListItem\",\"position\":2,\"name\":\"Wydanie decyzji zatwierdzaj\u0105cej podzia\u0142 nieruchomo\u015bci\"}]},{\"@type\":\"WebSite\",\"@id\":\"https:\/\/siemianowice.pl\/geodezja\/#website\",\"url\":\"https:\/\/siemianowice.pl\/geodezja\/\",\"name\":\"Grodzki O\u015brodek Dokumentacji Geodezyjnej i Kartograficznej w Siemianowicach \u015al\u0105skich\",\"description\":\"Kolejna witryna sieci &#8222;Urz\u0105d Miasta w Siemianowicach \u015al\u0105skich&#8221;\",\"potentialAction\":[{\"@type\":\"SearchAction\",\"target\":{\"@type\":\"EntryPoint\",\"urlTemplate\":\"https:\/\/siemianowice.pl\/geodezja\/?s={search_term_string}\"},\"query-input\":{\"@type\":\"PropertyValueSpecification\",\"valueRequired\":true,\"valueName\":\"search_term_string\"}}],\"inLanguage\":\"pl-PL\"}]}<\/script>\n<!-- \/ Yoast SEO plugin. -->","yoast_head_json":{"title":"Wydanie decyzji zatwierdzaj\u0105cej podzia\u0142 nieruchomo\u015bci - Grodzki O\u015brodek Dokumentacji Geodezyjnej i Kartograficznej w Siemianowicach \u015al\u0105skich","robots":{"index":"index","follow":"follow","max-snippet":"max-snippet:-1","max-image-preview":"max-image-preview:large","max-video-preview":"max-video-preview:-1"},"canonical":"https:\/\/siemianowice.pl\/geodezja\/wydanie-decyzji-zatwierdzajacej-podzial-nieruchomosci\/","og_locale":"pl_PL","og_type":"article","og_title":"Wydanie decyzji zatwierdzaj\u0105cej podzia\u0142 nieruchomo\u015bci - Grodzki O\u015brodek Dokumentacji Geodezyjnej i Kartograficznej w Siemianowicach \u015al\u0105skich","og_description":"Og\u00f3lny opis Wniosek sk\u0142ada w\u0142a\u015bciciel (wsp\u00f3\u0142w\u0142a\u015bciciele) lub wieczysty u\u017cytkownik (wsp\u00f3\u0142u\u017cytkownicy wieczy\u015bci) nieruchomo\u015bci. Mapa koncepcji podzia\u0142u nieruchomo\u015bci powinna zawiera\u0107 w szczeg\u00f3lno\u015bci: nazw\u0119 jednostki ewidencyjnej, oznaczenie obr\u0119bu, numer arkusza mapy; adres nieruchomo\u015bci podlegaj\u0105cej podzia\u0142owi; skal\u0119 mapy; granice nieruchomo\u015bci podlegaj\u0105cej podzia\u0142owi; oznaczenie nieruchomo\u015bci podlegaj\u0105cej podzia\u0142owi wed\u0142ug danych z katastru nieruchomo\u015bci oraz ksi\u0119gi wieczystej, a w razie jej braku [&hellip;]","og_url":"https:\/\/siemianowice.pl\/geodezja\/wydanie-decyzji-zatwierdzajacej-podzial-nieruchomosci\/","og_site_name":"Grodzki O\u015brodek Dokumentacji Geodezyjnej i Kartograficznej w Siemianowicach \u015al\u0105skich","twitter_card":"summary_large_image","twitter_misc":{"Szacowany czas czytania":"2 minuty"},"schema":{"@context":"https:\/\/schema.org","@graph":[{"@type":"WebPage","@id":"https:\/\/siemianowice.pl\/geodezja\/wydanie-decyzji-zatwierdzajacej-podzial-nieruchomosci\/","url":"https:\/\/siemianowice.pl\/geodezja\/wydanie-decyzji-zatwierdzajacej-podzial-nieruchomosci\/","name":"Wydanie decyzji zatwierdzaj\u0105cej podzia\u0142 nieruchomo\u015bci - Grodzki O\u015brodek Dokumentacji Geodezyjnej i Kartograficznej w Siemianowicach \u015al\u0105skich","isPartOf":{"@id":"https:\/\/siemianowice.pl\/geodezja\/#website"},"datePublished":"2022-09-14T11:51:52+00:00","breadcrumb":{"@id":"https:\/\/siemianowice.pl\/geodezja\/wydanie-decyzji-zatwierdzajacej-podzial-nieruchomosci\/#breadcrumb"},"inLanguage":"pl-PL","potentialAction":[{"@type":"ReadAction","target":["https:\/\/siemianowice.pl\/geodezja\/wydanie-decyzji-zatwierdzajacej-podzial-nieruchomosci\/"]}]},{"@type":"BreadcrumbList","@id":"https:\/\/siemianowice.pl\/geodezja\/wydanie-decyzji-zatwierdzajacej-podzial-nieruchomosci\/#breadcrumb","itemListElement":[{"@type":"ListItem","position":1,"name":"Strona g\u0142\u00f3wna","item":"https:\/\/siemianowice.pl\/geodezja\/"},{"@type":"ListItem","position":2,"name":"Wydanie decyzji zatwierdzaj\u0105cej podzia\u0142 nieruchomo\u015bci"}]},{"@type":"WebSite","@id":"https:\/\/siemianowice.pl\/geodezja\/#website","url":"https:\/\/siemianowice.pl\/geodezja\/","name":"Grodzki O\u015brodek Dokumentacji Geodezyjnej i Kartograficznej w Siemianowicach \u015al\u0105skich","description":"Kolejna witryna sieci &#8222;Urz\u0105d Miasta w Siemianowicach \u015al\u0105skich&#8221;","potentialAction":[{"@type":"SearchAction","target":{"@type":"EntryPoint","urlTemplate":"https:\/\/siemianowice.pl\/geodezja\/?s={search_term_string}"},"query-input":{"@type":"PropertyValueSpecification","valueRequired":true,"valueName":"search_term_string"}}],"inLanguage":"pl-PL"}]}},"_links":{"self":[{"href":"https:\/\/siemianowice.pl\/geodezja\/wp-json\/wp\/v2\/pages\/175","targetHints":{"allow":["GET"]}}],"collection":[{"href":"https:\/\/siemianowice.pl\/geodezja\/wp-json\/wp\/v2\/pages"}],"about":[{"href":"https:\/\/siemianowice.pl\/geodezja\/wp-json\/wp\/v2\/types\/page"}],"author":[{"embeddable":true,"href":"https:\/\/siemianowice.pl\/geodezja\/wp-json\/wp\/v2\/users\/40"}],"replies":[{"embeddable":true,"href":"https:\/\/siemianowice.pl\/geodezja\/wp-json\/wp\/v2\/comments?post=175"}],"version-history":[{"count":1,"href":"https:\/\/siemianowice.pl\/geodezja\/wp-json\/wp\/v2\/pages\/175\/revisions"}],"predecessor-version":[{"id":176,"href":"https:\/\/siemianowice.pl\/geodezja\/wp-json\/wp\/v2\/pages\/175\/revisions\/176"}],"wp:attachment":[{"href":"https:\/\/siemianowice.pl\/geodezja\/wp-json\/wp\/v2\/media?parent=175"}],"curies":[{"name":"wp","href":"https:\/\/api.w.org\/{rel}","templated":true}]}}