{"id":181,"date":"2022-09-14T13:59:39","date_gmt":"2022-09-14T11:59:39","guid":{"rendered":"https:\/\/siemianowice.pl\/geodezja\/?page_id=181"},"modified":"2022-09-14T14:01:36","modified_gmt":"2022-09-14T12:01:36","slug":"zapytania-komornicze","status":"publish","type":"page","link":"https:\/\/siemianowice.pl\/geodezja\/zapytania-komornicze\/","title":{"rendered":"Zapytania komornicze"},"content":{"rendered":"\n<p><strong>Modu\u0142 Zapytania Komornicze<\/strong><\/p>\n\n\n\n<p>Wydzia\u0142 Geodezji Urz\u0119du Miasta Siemianowice \u015al\u0105skie, uruchomi\u0142&nbsp;w ramach Geoportalu Siemianowic \u015al\u0105skich (<a href=\"http:\/\/siemianowice.geoportal2.pl\/\">http:\/\/siemianowice.geoportal2.pl<\/a>) modu\u0142&nbsp;wspomagaj\u0105cy&nbsp;zapytania komornicze,&nbsp;za jego po\u015brednictwemo zosta\u0142a stworzona mo\u017cliwo\u015b\u0107&nbsp;weryfikacji&nbsp;czy dany podmiot\/osoba figuruje w ewidencji grunt\u00f3w i budynk\u00f3w prowadzonej dla Miasta Siemianowice \u015al\u0105skie.<\/p>\n\n\n\n<p>Korzystanie z modu\u0142u jest nieodp\u0142atne i odbywa na podstawie loginu i has\u0142a nadanego przez Geodet\u0119 Miasta, dzia\u0142aj\u0105cego z upowa\u017cnienia Prezydenta Miasta.<\/p>\n\n\n\n<p>Uprawnienia nadawane s\u0105 po przes\u0142aniu wniosku, kt\u00f3ry jest do pobrania poni\u017cej.<\/p>\n\n\n\n<p>na adres:<\/p>\n\n\n\n<p><em><strong>Urz\u0105d Miasta Siemianowice \u015al\u0105skie<\/strong><\/em><\/p>\n\n\n\n<p><strong><em>Wydzia\u0142 Geodezji<\/em><\/strong><\/p>\n\n\n\n<p><em><strong>ul.. Micha\u0142kowicka 105<\/strong><\/em><\/p>\n\n\n\n<p><em><strong>41-103 Siemianowice \u015al\u0105skie<\/strong><\/em><\/p>\n\n\n\n<p>Zach\u0119camy do zapoznania si\u0119 z opisem dzia\u0142ania modu\u0142u &#8222;Zapytania komornicze&#8221;, kt\u00f3ry dost\u0119pny jest w lokalizacji:<\/p>\n\n\n\n<p><a href=\"https:\/\/www.geoportal2.pl\/pl\/instrukcje\/zapytania-komornicze\">https:\/\/www.geoportal2.pl\/pl\/instrukcje\/zapytania-komornicze<\/a><\/p>\n\n\n\n<p>i rozpocz\u0119cia wsp\u00f3\u0142pracy z naszym Urz\u0119dem za jego po\u015brednictwem, co w znacznym stopniu usprawni oraz przyspieszy wymian\u0119 informacji w zakresie Pa\u0144stwa dzia\u0142alno\u015bci.<\/p>\n\n\n\n<div class=\"wp-block-file\"><a href=\"https:\/\/siemianowice.pl\/geodezja\/wp-content\/uploads\/sites\/13\/2022\/09\/wniosek_komornik.doc\">wniosek_komornik<\/a><a href=\"https:\/\/siemianowice.pl\/geodezja\/wp-content\/uploads\/sites\/13\/2022\/09\/wniosek_komornik.doc\" class=\"wp-block-file__button\" download>Pobierz<\/a><\/div>\n\n\n\n<div data-wp-interactive=\"core\/file\" class=\"wp-block-file\"><a href=\"https:\/\/siemianowice.pl\/geodezja\/wp-content\/uploads\/sites\/13\/2022\/09\/wniosek_komornik-pdf.pdf\">wniosek_komornik-pdf<\/a><a href=\"https:\/\/siemianowice.pl\/geodezja\/wp-content\/uploads\/sites\/13\/2022\/09\/wniosek_komornik-pdf.pdf\" class=\"wp-block-file__button\" download>Pobierz<\/a><\/div>\n\n\n\n<p><\/p>\n","protected":false},"excerpt":{"rendered":"<p>Modu\u0142 Zapytania Komornicze Wydzia\u0142 Geodezji Urz\u0119du Miasta Siemianowice \u015al\u0105skie, uruchomi\u0142&nbsp;w ramach Geoportalu Siemianowic \u015al\u0105skich (http:\/\/siemianowice.geoportal2.pl) modu\u0142&nbsp;wspomagaj\u0105cy&nbsp;zapytania komornicze,&nbsp;za jego po\u015brednictwemo zosta\u0142a stworzona mo\u017cliwo\u015b\u0107&nbsp;weryfikacji&nbsp;czy dany podmiot\/osoba figuruje w ewidencji grunt\u00f3w i budynk\u00f3w prowadzonej dla Miasta Siemianowice \u015al\u0105skie. Korzystanie z modu\u0142u jest nieodp\u0142atne i odbywa na podstawie loginu i has\u0142a nadanego przez Geodet\u0119 Miasta, dzia\u0142aj\u0105cego z upowa\u017cnienia Prezydenta [&hellip;]<\/p>\n","protected":false},"author":40,"featured_media":0,"parent":0,"menu_order":0,"comment_status":"closed","ping_status":"closed","template":"","meta":{"_acf_changed":false,"footnotes":""},"class_list":["post-181","page","type-page","status-publish","hentry"],"acf":[],"yoast_head":"<!-- This site is optimized with the Yoast SEO plugin v26.9 - https:\/\/yoast.com\/product\/yoast-seo-wordpress\/ -->\n<title>Zapytania komornicze - Grodzki O\u015brodek Dokumentacji Geodezyjnej i Kartograficznej w Siemianowicach \u015al\u0105skich<\/title>\n<meta name=\"robots\" content=\"index, follow, max-snippet:-1, max-image-preview:large, max-video-preview:-1\" \/>\n<link rel=\"canonical\" href=\"https:\/\/siemianowice.pl\/geodezja\/zapytania-komornicze\/\" \/>\n<meta property=\"og:locale\" content=\"pl_PL\" \/>\n<meta property=\"og:type\" content=\"article\" \/>\n<meta property=\"og:title\" content=\"Zapytania komornicze - Grodzki O\u015brodek Dokumentacji Geodezyjnej i Kartograficznej w Siemianowicach \u015al\u0105skich\" \/>\n<meta property=\"og:description\" content=\"Modu\u0142 Zapytania Komornicze Wydzia\u0142 Geodezji Urz\u0119du Miasta Siemianowice \u015al\u0105skie, uruchomi\u0142&nbsp;w ramach Geoportalu Siemianowic \u015al\u0105skich (http:\/\/siemianowice.geoportal2.pl) modu\u0142&nbsp;wspomagaj\u0105cy&nbsp;zapytania komornicze,&nbsp;za jego po\u015brednictwemo zosta\u0142a stworzona mo\u017cliwo\u015b\u0107&nbsp;weryfikacji&nbsp;czy dany podmiot\/osoba figuruje w ewidencji grunt\u00f3w i budynk\u00f3w prowadzonej dla Miasta Siemianowice \u015al\u0105skie. Korzystanie z modu\u0142u jest nieodp\u0142atne i odbywa na podstawie loginu i has\u0142a nadanego przez Geodet\u0119 Miasta, dzia\u0142aj\u0105cego z upowa\u017cnienia Prezydenta [&hellip;]\" \/>\n<meta property=\"og:url\" content=\"https:\/\/siemianowice.pl\/geodezja\/zapytania-komornicze\/\" \/>\n<meta property=\"og:site_name\" content=\"Grodzki O\u015brodek Dokumentacji Geodezyjnej i Kartograficznej w Siemianowicach \u015al\u0105skich\" \/>\n<meta property=\"article:modified_time\" content=\"2022-09-14T12:01:36+00:00\" \/>\n<meta name=\"twitter:card\" content=\"summary_large_image\" \/>\n<meta name=\"twitter:label1\" content=\"Szacowany czas czytania\" \/>\n\t<meta name=\"twitter:data1\" content=\"1 minuta\" \/>\n<script type=\"application\/ld+json\" class=\"yoast-schema-graph\">{\"@context\":\"https:\/\/schema.org\",\"@graph\":[{\"@type\":\"WebPage\",\"@id\":\"https:\/\/siemianowice.pl\/geodezja\/zapytania-komornicze\/\",\"url\":\"https:\/\/siemianowice.pl\/geodezja\/zapytania-komornicze\/\",\"name\":\"Zapytania komornicze - Grodzki O\u015brodek Dokumentacji Geodezyjnej i Kartograficznej w Siemianowicach \u015al\u0105skich\",\"isPartOf\":{\"@id\":\"https:\/\/siemianowice.pl\/geodezja\/#website\"},\"datePublished\":\"2022-09-14T11:59:39+00:00\",\"dateModified\":\"2022-09-14T12:01:36+00:00\",\"breadcrumb\":{\"@id\":\"https:\/\/siemianowice.pl\/geodezja\/zapytania-komornicze\/#breadcrumb\"},\"inLanguage\":\"pl-PL\",\"potentialAction\":[{\"@type\":\"ReadAction\",\"target\":[\"https:\/\/siemianowice.pl\/geodezja\/zapytania-komornicze\/\"]}]},{\"@type\":\"BreadcrumbList\",\"@id\":\"https:\/\/siemianowice.pl\/geodezja\/zapytania-komornicze\/#breadcrumb\",\"itemListElement\":[{\"@type\":\"ListItem\",\"position\":1,\"name\":\"Strona g\u0142\u00f3wna\",\"item\":\"https:\/\/siemianowice.pl\/geodezja\/\"},{\"@type\":\"ListItem\",\"position\":2,\"name\":\"Zapytania komornicze\"}]},{\"@type\":\"WebSite\",\"@id\":\"https:\/\/siemianowice.pl\/geodezja\/#website\",\"url\":\"https:\/\/siemianowice.pl\/geodezja\/\",\"name\":\"Grodzki O\u015brodek Dokumentacji Geodezyjnej i Kartograficznej w Siemianowicach \u015al\u0105skich\",\"description\":\"Kolejna witryna sieci &#8222;Urz\u0105d Miasta w Siemianowicach \u015al\u0105skich&#8221;\",\"potentialAction\":[{\"@type\":\"SearchAction\",\"target\":{\"@type\":\"EntryPoint\",\"urlTemplate\":\"https:\/\/siemianowice.pl\/geodezja\/?s={search_term_string}\"},\"query-input\":{\"@type\":\"PropertyValueSpecification\",\"valueRequired\":true,\"valueName\":\"search_term_string\"}}],\"inLanguage\":\"pl-PL\"}]}<\/script>\n<!-- \/ Yoast SEO plugin. -->","yoast_head_json":{"title":"Zapytania komornicze - Grodzki O\u015brodek Dokumentacji Geodezyjnej i Kartograficznej w Siemianowicach \u015al\u0105skich","robots":{"index":"index","follow":"follow","max-snippet":"max-snippet:-1","max-image-preview":"max-image-preview:large","max-video-preview":"max-video-preview:-1"},"canonical":"https:\/\/siemianowice.pl\/geodezja\/zapytania-komornicze\/","og_locale":"pl_PL","og_type":"article","og_title":"Zapytania komornicze - Grodzki O\u015brodek Dokumentacji Geodezyjnej i Kartograficznej w Siemianowicach \u015al\u0105skich","og_description":"Modu\u0142 Zapytania Komornicze Wydzia\u0142 Geodezji Urz\u0119du Miasta Siemianowice \u015al\u0105skie, uruchomi\u0142&nbsp;w ramach Geoportalu Siemianowic \u015al\u0105skich (http:\/\/siemianowice.geoportal2.pl) modu\u0142&nbsp;wspomagaj\u0105cy&nbsp;zapytania komornicze,&nbsp;za jego po\u015brednictwemo zosta\u0142a stworzona mo\u017cliwo\u015b\u0107&nbsp;weryfikacji&nbsp;czy dany podmiot\/osoba figuruje w ewidencji grunt\u00f3w i budynk\u00f3w prowadzonej dla Miasta Siemianowice \u015al\u0105skie. Korzystanie z modu\u0142u jest nieodp\u0142atne i odbywa na podstawie loginu i has\u0142a nadanego przez Geodet\u0119 Miasta, dzia\u0142aj\u0105cego z upowa\u017cnienia Prezydenta [&hellip;]","og_url":"https:\/\/siemianowice.pl\/geodezja\/zapytania-komornicze\/","og_site_name":"Grodzki O\u015brodek Dokumentacji Geodezyjnej i Kartograficznej w Siemianowicach \u015al\u0105skich","article_modified_time":"2022-09-14T12:01:36+00:00","twitter_card":"summary_large_image","twitter_misc":{"Szacowany czas czytania":"1 minuta"},"schema":{"@context":"https:\/\/schema.org","@graph":[{"@type":"WebPage","@id":"https:\/\/siemianowice.pl\/geodezja\/zapytania-komornicze\/","url":"https:\/\/siemianowice.pl\/geodezja\/zapytania-komornicze\/","name":"Zapytania komornicze - Grodzki O\u015brodek Dokumentacji Geodezyjnej i Kartograficznej w Siemianowicach \u015al\u0105skich","isPartOf":{"@id":"https:\/\/siemianowice.pl\/geodezja\/#website"},"datePublished":"2022-09-14T11:59:39+00:00","dateModified":"2022-09-14T12:01:36+00:00","breadcrumb":{"@id":"https:\/\/siemianowice.pl\/geodezja\/zapytania-komornicze\/#breadcrumb"},"inLanguage":"pl-PL","potentialAction":[{"@type":"ReadAction","target":["https:\/\/siemianowice.pl\/geodezja\/zapytania-komornicze\/"]}]},{"@type":"BreadcrumbList","@id":"https:\/\/siemianowice.pl\/geodezja\/zapytania-komornicze\/#breadcrumb","itemListElement":[{"@type":"ListItem","position":1,"name":"Strona g\u0142\u00f3wna","item":"https:\/\/siemianowice.pl\/geodezja\/"},{"@type":"ListItem","position":2,"name":"Zapytania komornicze"}]},{"@type":"WebSite","@id":"https:\/\/siemianowice.pl\/geodezja\/#website","url":"https:\/\/siemianowice.pl\/geodezja\/","name":"Grodzki O\u015brodek Dokumentacji Geodezyjnej i Kartograficznej w Siemianowicach \u015al\u0105skich","description":"Kolejna witryna sieci &#8222;Urz\u0105d Miasta w Siemianowicach \u015al\u0105skich&#8221;","potentialAction":[{"@type":"SearchAction","target":{"@type":"EntryPoint","urlTemplate":"https:\/\/siemianowice.pl\/geodezja\/?s={search_term_string}"},"query-input":{"@type":"PropertyValueSpecification","valueRequired":true,"valueName":"search_term_string"}}],"inLanguage":"pl-PL"}]}},"_links":{"self":[{"href":"https:\/\/siemianowice.pl\/geodezja\/wp-json\/wp\/v2\/pages\/181","targetHints":{"allow":["GET"]}}],"collection":[{"href":"https:\/\/siemianowice.pl\/geodezja\/wp-json\/wp\/v2\/pages"}],"about":[{"href":"https:\/\/siemianowice.pl\/geodezja\/wp-json\/wp\/v2\/types\/page"}],"author":[{"embeddable":true,"href":"https:\/\/siemianowice.pl\/geodezja\/wp-json\/wp\/v2\/users\/40"}],"replies":[{"embeddable":true,"href":"https:\/\/siemianowice.pl\/geodezja\/wp-json\/wp\/v2\/comments?post=181"}],"version-history":[{"count":1,"href":"https:\/\/siemianowice.pl\/geodezja\/wp-json\/wp\/v2\/pages\/181\/revisions"}],"predecessor-version":[{"id":184,"href":"https:\/\/siemianowice.pl\/geodezja\/wp-json\/wp\/v2\/pages\/181\/revisions\/184"}],"wp:attachment":[{"href":"https:\/\/siemianowice.pl\/geodezja\/wp-json\/wp\/v2\/media?parent=181"}],"curies":[{"name":"wp","href":"https:\/\/api.w.org\/{rel}","templated":true}]}}