{"id":24,"date":"2022-09-13T13:04:29","date_gmt":"2022-09-13T11:04:29","guid":{"rendered":"https:\/\/siemianowice.pl\/geodezja\/?page_id=24"},"modified":"2023-01-31T10:05:49","modified_gmt":"2023-01-31T09:05:49","slug":"o-nas","status":"publish","type":"page","link":"https:\/\/siemianowice.pl\/geodezja\/o-nas\/","title":{"rendered":"O nas"},"content":{"rendered":"\n<h2 class=\"wp-block-heading\">Struktura Organizacyjna<\/h2>\n\n\n\n<p>Grodzki O\u015brodek Dokumentacji Geodezyjnej i Kartograficznej (GODGiK) funkcjonuje w strukturze Urz\u0119du Miasta Siemianowice \u015al\u0105skie i jest integraln\u0105 cz\u0119\u015bci\u0105 Wydzia\u0142u Geodezji.<\/p>\n\n\n\n<p>Z uwagi na form\u0119 dzia\u0142ania GODGiK w Siemianowicach \u015al\u0105skich wszystkie informacje zawarte na tej stronie internetowej odnosi\u0107 si\u0119 b\u0119d\u0105 do Wydzia\u0142u Geodezji<\/p>\n\n\n\n<h2 class=\"wp-block-heading\">Regulamin<\/h2>\n\n\n\n<p>Form\u0119 i zakres dzia\u0142ania Wydzia\u0142u Geodezji okre\u015bla Regulamin Organizacyjny Urz\u0119du Miasta Siemianowice \u015al\u0105skie, nadany Zarz\u0105dzeniem nr 1151\/2020 Prezydenta Miasta Siemianowice \u015al\u0105skie z dnia 27.04.2020 roku, dost\u0119pnym w&nbsp;<a href=\"https:\/\/bip.msiemianowicesl.finn.pl\/bipkod\/19754272\">Biuletynie Informacji Publicznej<\/a><br><br>Wyci\u0105g z regulaminu:<br><br>\u201c\u00a7 32.&nbsp;<strong>Wydzia\u0142u Geodezji<\/strong>, do kt\u00f3rego zakresu dzia\u0142ania w szczeg\u00f3lno\u015bci nale\u017cy realizacja nast\u0119puj\u0105cych zada\u0144:<\/p>\n\n\n\n<p>1) prowadzenie powiatowego zasobu geodezyjnego i kartograficznego,<\/p>\n\n\n\n<p>2) aktualizacja i modernizacja ewidencji grunt\u00f3w, budynk\u00f3w i lokali,<\/p>\n\n\n\n<p>3) przeprowadzanie gleboznawczej klasyfikacji grunt\u00f3w,<\/p>\n\n\n\n<p>4) przeprowadzanie powszechnej taksacji nieruchomo\u015bci i prowadzenie tabel taksacyjnych,<\/p>\n\n\n\n<p>5) za\u0142o\u017cenie i aktualizacja ewidencji miejscowo\u015bci ulic i adres\u00f3w,<\/p>\n\n\n\n<p>6) za\u0142o\u017cenie i aktualizacja geodezyjnej ewidencji sieci uzbrojenia terenu,<\/p>\n\n\n\n<p>7) koordynacja usytuowania projektowanych sieci uzbrojenia terenu,<\/p>\n\n\n\n<p>8) zak\u0142adanie i modernizacja osn\u00f3w szczeg\u00f3\u0142owych,<\/p>\n\n\n\n<p>9) ochrona znak\u00f3w geodezyjnych,<\/p>\n\n\n\n<p>10) prowadzenie post\u0119powa\u0144 w zakresie podzia\u0142\u00f3w i rozgranicze\u0144 nieruchomo\u015bci,<\/p>\n\n\n\n<p>11) tworzenie, prowadzenie i udost\u0119pnianie powiatowych zbior\u00f3w danych przestrzennych informacji przestrzennej,<\/p>\n\n\n\n<h2 class=\"wp-block-heading\">Pracownicy<\/h2>\n\n\n\n<p><strong>Wydzia\u0142em Geodezji kieruje Naczelnik Wydzia\u0142u \u2013 Geodeta Miasta&nbsp; Jolanta \u0141ukowska,<\/strong><\/p>\n\n\n\n<p>pok\u00f3j 43, tel.\/fax 32 760 54 07, e-mail: geo@um.siemianowice.pl<\/p>\n\n\n\n<p>W&nbsp;<strong>Wydziale Geodezji<\/strong>&nbsp;pracuj\u0105 nast\u0119puj\u0105ce osoby:<\/p>\n\n\n\n<ul class=\"wp-block-list\"><li><strong>Jaros\u0142aw Zgadzaj \u2013 Z-ca Naczelnika Wydzia\u0142u<\/strong>,<br>pok\u00f3j nr 46, tel. 32 760 54 08, e-mail: j_zgadzaj@um.siemianowice.pl<\/li><li><strong>Agnieszka Czerwi\u0144ska \u2013 Inspektor<\/strong>,<\/li><\/ul>\n\n\n\n<p>&nbsp; &nbsp; &nbsp; &nbsp; &nbsp; pok\u00f3j 49, tel. 32 760 54 55, e-mail: a_czerwinska@um.siemianowice.pl<br>&nbsp; &nbsp; &nbsp; &nbsp; &nbsp; prowadzenie spraw z zakresu podzia\u0142\u00f3w i rozgranicze\u0144, nazewnictwa ulic i numeracji porz\u0105dkowej nieruchomo\u015bci<\/p>\n\n\n\n<ul class=\"wp-block-list\"><li><strong>Anna Drzazga \u2013 Inspektor<\/strong>,<\/li><\/ul>\n\n\n\n<p>&nbsp; &nbsp; &nbsp; &nbsp; &nbsp; &nbsp;pok\u00f3j 49, tel. 32 760 54 55, e-mail: a_drzazga@um.siemianowice.pl<br>&nbsp; &nbsp; &nbsp; &nbsp; &nbsp; &nbsp;wydawanie dokument\u00f3w i udzielanie informacji z operatu ewidencji grunt\u00f3w i&nbsp; budynk\u00f3w, przygotowywanie decyzji&nbsp;dotycz\u0105cych zmian ewidencyjnych<\/p>\n\n\n\n<ul class=\"wp-block-list\"><li><strong>Ilona W\u0142odarczyk \u2013 Inspektor<\/strong>,<br>pok\u00f3j 49, tel. 32 760 54 55, e-mail: i_wlodarczyk@um.siemianowice.pl<br>aktualizacja cz\u0119\u015bci opisowej operatu ewidencji grunt\u00f3w i budynk\u00f3w, rejestru cen i warto\u015bci nieruchomo\u015bci<\/li><li><strong>Miros\u0142awa Pop\u0142awska \u2013 Inspektor<\/strong>,<br>pok\u00f3j 49, tel. 32 760 54 55, e-mail: m_poplawska@um.siemianowice.pl<br>aktualizacja cz\u0119\u015bci opisowej operatu ewidencji grunt\u00f3w i budynk\u00f3w, rejestru cen i warto\u015bci nieruchomo\u015bci<\/li><li><strong>Micha\u0142 \u017babi\u0144ski \u2013 G\u0142\u00f3wny Specjalista<\/strong>,<\/li><\/ul>\n\n\n\n<p>&nbsp; &nbsp; &nbsp; &nbsp; &nbsp; pok\u00f3j 47, tel. 32 760 54 11, e-mail: m_zabinski@um.siemianowice.pl<br>&nbsp; &nbsp; &nbsp; &nbsp; &nbsp; weryfikacja dokumentacji technicznej przekazywanej do zasobu<\/p>\n\n\n\n<ul class=\"wp-block-list\"><li><strong>Kamil Wistel \u2013 Inspektor<\/strong>,<br>pok\u00f3j 47, tel. 32 760 54 11, e-mail: k_wistel@um.siemianowice.pl<br>aktualizacja numerycznych baz danych mapy zasadniczej<\/li><li><strong>Joanna Bentkowska \u2013 G\u0142\u00f3wny Specjalista<\/strong>,<\/li><\/ul>\n\n\n\n<p>&nbsp; &nbsp; &nbsp; &nbsp; &nbsp; pok\u00f3j 47, tel. 32 760 54 11, e-mail: j_bentkowska@um.siemianowice.pl<br>&nbsp; &nbsp; &nbsp; &nbsp; &nbsp; weryfikacja dokumentacji technicznej przekazywanej do zasobu<\/p>\n\n\n\n<ul class=\"wp-block-list\"><li><strong>Dariusz Dudek \u2013 Inspektor<\/strong>,<br>pok\u00f3j 48, tel. 32 760 54 13, e-mail: d_dudek@um.siemianowice.pl<br>obs\u0142uga zg\u0142osze\u0144 prac geodezyjnych, wydawanie kopii map i dokument\u00f3w z zasobu na zlecenie wykonawc\u00f3w geodezyjnych i indywidualnych odbiorc\u00f3w, informatyzacja zasobu<\/li><li><strong>Marek Ho\u0142yszko \u2013 Inspektor<\/strong>,<br>pok\u00f3j 48, tel. 32 760 54 13, e-mail: m_holyszko@um.siemianowice.pl<br>obs\u0142uga zg\u0142osze\u0144 prac geodezyjnych, obs\u0142uga Zespo\u0142u ds. Koordynacji Usytuowania Projektowanych Sieci Uzbrojenia Terenu, wykonywanie dokumentacji przew\u0142aszczeniowej<\/li><\/ul>\n","protected":false},"excerpt":{"rendered":"<p>Struktura Organizacyjna Grodzki O\u015brodek Dokumentacji Geodezyjnej i Kartograficznej (GODGiK) funkcjonuje w strukturze Urz\u0119du Miasta Siemianowice \u015al\u0105skie i jest integraln\u0105 cz\u0119\u015bci\u0105 Wydzia\u0142u Geodezji. Z uwagi na form\u0119 dzia\u0142ania GODGiK w Siemianowicach \u015al\u0105skich wszystkie informacje zawarte na tej stronie internetowej odnosi\u0107 si\u0119 b\u0119d\u0105 do Wydzia\u0142u Geodezji Regulamin Form\u0119 i zakres dzia\u0142ania Wydzia\u0142u Geodezji okre\u015bla Regulamin Organizacyjny Urz\u0119du [&hellip;]<\/p>\n","protected":false},"author":40,"featured_media":0,"parent":0,"menu_order":0,"comment_status":"closed","ping_status":"closed","template":"","meta":{"_acf_changed":false,"footnotes":""},"class_list":["post-24","page","type-page","status-publish","hentry"],"acf":[],"yoast_head":"<!-- This site is optimized with the Yoast SEO plugin v26.9 - https:\/\/yoast.com\/product\/yoast-seo-wordpress\/ -->\n<title>O nas - Grodzki O\u015brodek Dokumentacji Geodezyjnej i Kartograficznej w Siemianowicach \u015al\u0105skich<\/title>\n<meta name=\"robots\" content=\"index, follow, max-snippet:-1, max-image-preview:large, max-video-preview:-1\" \/>\n<link rel=\"canonical\" href=\"https:\/\/siemianowice.pl\/geodezja\/o-nas\/\" \/>\n<meta property=\"og:locale\" content=\"pl_PL\" \/>\n<meta property=\"og:type\" content=\"article\" \/>\n<meta property=\"og:title\" content=\"O nas - Grodzki O\u015brodek Dokumentacji Geodezyjnej i Kartograficznej w Siemianowicach \u015al\u0105skich\" \/>\n<meta property=\"og:description\" content=\"Struktura Organizacyjna Grodzki O\u015brodek Dokumentacji Geodezyjnej i Kartograficznej (GODGiK) funkcjonuje w strukturze Urz\u0119du Miasta Siemianowice \u015al\u0105skie i jest integraln\u0105 cz\u0119\u015bci\u0105 Wydzia\u0142u Geodezji. Z uwagi na form\u0119 dzia\u0142ania GODGiK w Siemianowicach \u015al\u0105skich wszystkie informacje zawarte na tej stronie internetowej odnosi\u0107 si\u0119 b\u0119d\u0105 do Wydzia\u0142u Geodezji Regulamin Form\u0119 i zakres dzia\u0142ania Wydzia\u0142u Geodezji okre\u015bla Regulamin Organizacyjny Urz\u0119du [&hellip;]\" \/>\n<meta property=\"og:url\" content=\"https:\/\/siemianowice.pl\/geodezja\/o-nas\/\" \/>\n<meta property=\"og:site_name\" content=\"Grodzki O\u015brodek Dokumentacji Geodezyjnej i Kartograficznej w Siemianowicach \u015al\u0105skich\" \/>\n<meta property=\"article:modified_time\" content=\"2023-01-31T09:05:49+00:00\" \/>\n<meta name=\"twitter:card\" content=\"summary_large_image\" \/>\n<meta name=\"twitter:label1\" content=\"Szacowany czas czytania\" \/>\n\t<meta name=\"twitter:data1\" content=\"3 minuty\" \/>\n<script type=\"application\/ld+json\" class=\"yoast-schema-graph\">{\"@context\":\"https:\/\/schema.org\",\"@graph\":[{\"@type\":\"WebPage\",\"@id\":\"https:\/\/siemianowice.pl\/geodezja\/o-nas\/\",\"url\":\"https:\/\/siemianowice.pl\/geodezja\/o-nas\/\",\"name\":\"O nas - Grodzki O\u015brodek Dokumentacji Geodezyjnej i Kartograficznej w Siemianowicach \u015al\u0105skich\",\"isPartOf\":{\"@id\":\"https:\/\/siemianowice.pl\/geodezja\/#website\"},\"datePublished\":\"2022-09-13T11:04:29+00:00\",\"dateModified\":\"2023-01-31T09:05:49+00:00\",\"breadcrumb\":{\"@id\":\"https:\/\/siemianowice.pl\/geodezja\/o-nas\/#breadcrumb\"},\"inLanguage\":\"pl-PL\",\"potentialAction\":[{\"@type\":\"ReadAction\",\"target\":[\"https:\/\/siemianowice.pl\/geodezja\/o-nas\/\"]}]},{\"@type\":\"BreadcrumbList\",\"@id\":\"https:\/\/siemianowice.pl\/geodezja\/o-nas\/#breadcrumb\",\"itemListElement\":[{\"@type\":\"ListItem\",\"position\":1,\"name\":\"Strona g\u0142\u00f3wna\",\"item\":\"https:\/\/siemianowice.pl\/geodezja\/\"},{\"@type\":\"ListItem\",\"position\":2,\"name\":\"O nas\"}]},{\"@type\":\"WebSite\",\"@id\":\"https:\/\/siemianowice.pl\/geodezja\/#website\",\"url\":\"https:\/\/siemianowice.pl\/geodezja\/\",\"name\":\"Grodzki O\u015brodek Dokumentacji Geodezyjnej i Kartograficznej w Siemianowicach \u015al\u0105skich\",\"description\":\"Kolejna witryna sieci &#8222;Urz\u0105d Miasta w Siemianowicach \u015al\u0105skich&#8221;\",\"potentialAction\":[{\"@type\":\"SearchAction\",\"target\":{\"@type\":\"EntryPoint\",\"urlTemplate\":\"https:\/\/siemianowice.pl\/geodezja\/?s={search_term_string}\"},\"query-input\":{\"@type\":\"PropertyValueSpecification\",\"valueRequired\":true,\"valueName\":\"search_term_string\"}}],\"inLanguage\":\"pl-PL\"}]}<\/script>\n<!-- \/ Yoast SEO plugin. -->","yoast_head_json":{"title":"O nas - Grodzki O\u015brodek Dokumentacji Geodezyjnej i Kartograficznej w Siemianowicach \u015al\u0105skich","robots":{"index":"index","follow":"follow","max-snippet":"max-snippet:-1","max-image-preview":"max-image-preview:large","max-video-preview":"max-video-preview:-1"},"canonical":"https:\/\/siemianowice.pl\/geodezja\/o-nas\/","og_locale":"pl_PL","og_type":"article","og_title":"O nas - Grodzki O\u015brodek Dokumentacji Geodezyjnej i Kartograficznej w Siemianowicach \u015al\u0105skich","og_description":"Struktura Organizacyjna Grodzki O\u015brodek Dokumentacji Geodezyjnej i Kartograficznej (GODGiK) funkcjonuje w strukturze Urz\u0119du Miasta Siemianowice \u015al\u0105skie i jest integraln\u0105 cz\u0119\u015bci\u0105 Wydzia\u0142u Geodezji. Z uwagi na form\u0119 dzia\u0142ania GODGiK w Siemianowicach \u015al\u0105skich wszystkie informacje zawarte na tej stronie internetowej odnosi\u0107 si\u0119 b\u0119d\u0105 do Wydzia\u0142u Geodezji Regulamin Form\u0119 i zakres dzia\u0142ania Wydzia\u0142u Geodezji okre\u015bla Regulamin Organizacyjny Urz\u0119du [&hellip;]","og_url":"https:\/\/siemianowice.pl\/geodezja\/o-nas\/","og_site_name":"Grodzki O\u015brodek Dokumentacji Geodezyjnej i Kartograficznej w Siemianowicach \u015al\u0105skich","article_modified_time":"2023-01-31T09:05:49+00:00","twitter_card":"summary_large_image","twitter_misc":{"Szacowany czas czytania":"3 minuty"},"schema":{"@context":"https:\/\/schema.org","@graph":[{"@type":"WebPage","@id":"https:\/\/siemianowice.pl\/geodezja\/o-nas\/","url":"https:\/\/siemianowice.pl\/geodezja\/o-nas\/","name":"O nas - Grodzki O\u015brodek Dokumentacji Geodezyjnej i Kartograficznej w Siemianowicach \u015al\u0105skich","isPartOf":{"@id":"https:\/\/siemianowice.pl\/geodezja\/#website"},"datePublished":"2022-09-13T11:04:29+00:00","dateModified":"2023-01-31T09:05:49+00:00","breadcrumb":{"@id":"https:\/\/siemianowice.pl\/geodezja\/o-nas\/#breadcrumb"},"inLanguage":"pl-PL","potentialAction":[{"@type":"ReadAction","target":["https:\/\/siemianowice.pl\/geodezja\/o-nas\/"]}]},{"@type":"BreadcrumbList","@id":"https:\/\/siemianowice.pl\/geodezja\/o-nas\/#breadcrumb","itemListElement":[{"@type":"ListItem","position":1,"name":"Strona g\u0142\u00f3wna","item":"https:\/\/siemianowice.pl\/geodezja\/"},{"@type":"ListItem","position":2,"name":"O nas"}]},{"@type":"WebSite","@id":"https:\/\/siemianowice.pl\/geodezja\/#website","url":"https:\/\/siemianowice.pl\/geodezja\/","name":"Grodzki O\u015brodek Dokumentacji Geodezyjnej i Kartograficznej w Siemianowicach \u015al\u0105skich","description":"Kolejna witryna sieci &#8222;Urz\u0105d Miasta w Siemianowicach \u015al\u0105skich&#8221;","potentialAction":[{"@type":"SearchAction","target":{"@type":"EntryPoint","urlTemplate":"https:\/\/siemianowice.pl\/geodezja\/?s={search_term_string}"},"query-input":{"@type":"PropertyValueSpecification","valueRequired":true,"valueName":"search_term_string"}}],"inLanguage":"pl-PL"}]}},"_links":{"self":[{"href":"https:\/\/siemianowice.pl\/geodezja\/wp-json\/wp\/v2\/pages\/24","targetHints":{"allow":["GET"]}}],"collection":[{"href":"https:\/\/siemianowice.pl\/geodezja\/wp-json\/wp\/v2\/pages"}],"about":[{"href":"https:\/\/siemianowice.pl\/geodezja\/wp-json\/wp\/v2\/types\/page"}],"author":[{"embeddable":true,"href":"https:\/\/siemianowice.pl\/geodezja\/wp-json\/wp\/v2\/users\/40"}],"replies":[{"embeddable":true,"href":"https:\/\/siemianowice.pl\/geodezja\/wp-json\/wp\/v2\/comments?post=24"}],"version-history":[{"count":15,"href":"https:\/\/siemianowice.pl\/geodezja\/wp-json\/wp\/v2\/pages\/24\/revisions"}],"predecessor-version":[{"id":303,"href":"https:\/\/siemianowice.pl\/geodezja\/wp-json\/wp\/v2\/pages\/24\/revisions\/303"}],"wp:attachment":[{"href":"https:\/\/siemianowice.pl\/geodezja\/wp-json\/wp\/v2\/media?parent=24"}],"curies":[{"name":"wp","href":"https:\/\/api.w.org\/{rel}","templated":true}]}}