{"id":181,"date":"2023-03-14T12:59:36","date_gmt":"2023-03-14T11:59:36","guid":{"rendered":"https:\/\/siemianowice.pl\/mczk\/?page_id=181"},"modified":"2023-03-14T13:14:00","modified_gmt":"2023-03-14T12:14:00","slug":"burze","status":"publish","type":"page","link":"https:\/\/siemianowice.pl\/mczk\/burze\/","title":{"rendered":"Burze"},"content":{"rendered":"\n<p><strong><span class=\"has-inline-color has-vivid-red-color\">najcz\u0119stsz\u0105 przyczyn\u0105 ich wyst\u0119powania jest powstawanie chmur burzowych na skutek silnych, pionowych ruch\u00f3w powietrza. Zdarzaj\u0105 si\u0119 najcz\u0119\u015bciej w okresie letnim. Burzy cz\u0119sto towarzysz\u0105 wy\u0142adowania atmosferyczne, ulewy i gradobicia.<\/span><\/strong><\/p>\n\n\n\n<p><strong>Piorun <\/strong>&#8211; to wy\u0142adowanie atmosferyczne o napi\u0119ciu kilkudziesi\u0119ciu tysi\u0119cy wolt i nat\u0119\u017ceniu 20-50 kiloamper\u00f3w, nast\u0119puj\u0105ce w u\u0142amku sekundy, kt\u00f3re szuka sobie drogi &#8211; przez maszt, anten\u0119, cz\u0119\u015bci metalowe, fragmenty budynku i drzewa. Przewodnikiem dla pioruna jest r\u00f3wnie\u017c powietrze.<\/p>\n\n\n\n<p><strong>JAK SI\u0118 PRZED NIM BRONI\u0106?<\/strong><\/p>\n\n\n\n<p><strong>1. W czasie burzy schro\u0144 si\u0119 w budynku.<\/strong><\/p>\n\n\n\n<p>Je\u015bli na dachu budynku jest wysoka antena telewizyjna lub maszt radiowy i nie maj\u0105 prawid\u0142owo dzia\u0142aj\u0105cej instalacji odgromowej, napi\u0119cie wy\u0142adowania atmosferycznego mo\u017ce &#8222;wej\u015b\u0107&#8221; do domowej sieci elektrycznej i zniszczy\u0107 telewizor, radio, komputer, a nawet telefon. Podczas burzy lepiej nie s\u0142ucha\u0107 przez s\u0142uchawki radia pod\u0142\u0105czonego do gniazdka. Je\u015bli dom nie ma instalacji odgromowej lub jest \u017ale wykonana:<\/p>\n\n\n\n<ul class=\"wp-block-list\"><li>nie zbli\u017caj si\u0119 do urz\u0105dze\u0144 elektrycznych i metalowych;<\/li><li>nie korzystaj z k\u0105pieli w wannie lub pod prysznicem;<\/li><li>nie dotykaj kranu oraz kaloryfera;<\/li><li>nie korzystaj z telefonu stacjonarnego.<\/li><\/ul>\n\n\n\n<p><strong>Przed zbli\u017caj\u0105c\u0105 si\u0119 burz\u0105:<\/strong><\/p>\n\n\n\n<ul class=\"wp-block-list\"><li>dok\u0142adnie zamknij okna i drzwi;<\/li><li>zablokuj furtki i bramy;<\/li><li>usu\u0144 z parapet\u00f3w i balkon\u00f3w przedmioty, kt\u00f3re porwane przez wiatr mog\u0105 stanowi\u0107 zagro\u017cenie dla innych ludzi.<\/li><\/ul>\n\n\n\n<p><strong>Pami\u0119taj aby dzieci w czasie burzy by\u0142y pod opiek\u0105 doros\u0142ych.<\/strong><\/p>\n\n\n\n<p><strong>2. Gdy burza zaskoczy nas na otwartej przestrzeni:<\/strong><\/p>\n\n\n\n<ul class=\"wp-block-list\"><li>nie stawaj pod wysokimi drzewami, masztami, latarniami;<\/li><li>trzymaj si\u0119 z dala od trakcji tramwajowych, kolejowych, transformator\u00f3w i przewod\u00f3w wysokiego napi\u0119cia;<\/li><li>je\u017celi jeste\u015b na otwartym terenie kucnij ze z\u0142\u0105czonymi nogami, nie k\u0142ad\u017a si\u0119 na ziemi\u0119 i nie st\u00f3j w rozkroku;<\/li><li>nie jed\u017a rowerem i nie dotykaj jego metalowych cz\u0119\u015bci;<\/li><li>nie biegaj i nie poruszaj si\u0119 szybkim krokiem;<\/li><li>nie spaceruj po pla\u017cy (zbiorniki z wod\u0105, a szczeg\u00f3lnie s\u0142one morze i mokry piasek \u0142atwo \u015bci\u0105gaj\u0105 pioruny);<\/li><li>pami\u0119taj! w czasie burzy nie wolno si\u0119 k\u0105pa\u0107 w zbiornikach wodnych i na otwartych basenach;<\/li><li>b\u0119d\u0105c w g\u00f3rach zejd\u017a z grani lub wysoko po\u0142o\u017conych wzniesie\u0144 i schowaj si\u0119 w jakim\u015b zag\u0142\u0119bieniu;<\/li><li>je\u015bli burza zaskoczy Ci\u0119 podczas jazdy samochodem zatrzymaj si\u0119 i pozosta\u0144 w samochodzie (jeste\u015b w nim bezpieczny, pod warunkiem, \u017ce nie b\u0119dziesz dotyka\u0142 metalowych cz\u0119\u015bci, ani wychyla\u0142 si\u0119 przez okno);<\/li><li>nie parkuj pod drzewami, liniami energetycznymi i innymi wysokimi obiektami;<\/li><li>je\u015bli jeste\u015b na biwaku &#8211; pami\u0119taj, \u017ce namiot nie jest bezpiecznym schronieniem w czasie burzy. Zagro\u017cenie stanowi\u0105 jego metalowe elementy (maszt, wsporniki, \u015bledzie), kt\u00f3re mog\u0105 &#8222;\u015bci\u0105ga\u0107&#8221; piorun.<\/li><\/ul>\n\n\n\n<p>Osobie pora\u017conej piorunem, u kt\u00f3rej nie wyczuwa si\u0119 oddechu nale\u017cy udzieli\u0107 pierwszej pomocy, wykonuj\u0105c resuscytacj\u0119 kr\u0105\u017ceniowo &#8211; oddechow\u0105 (uciski klatki piersiowej i sztuczne oddychanie) i koniecznie wezwa\u0107 pomoc medyczn\u0105 (pogotowie ratunkowe). Nie b\u00f3j si\u0119 dotykania poszkodowanego &#8211; nie zostaniesz pora\u017cony pr\u0105dem.<\/p>\n\n\n\n<p><strong>Pami\u0119taj ! B\u0105d\u017a przygotowany na wyst\u0105pienie nieprzewidzianych zjawisk pogodowych, ubezpiecz swoje mieszkanie, dom, samoch\u00f3d.<\/strong><\/p>\n\n\n\n<p><strong>O wszystkich zdarzeniach, maj\u0105cych istotne znaczenie dla bezpiecze\u0144stwa ludzi informuj s\u0142u\u017cby dy\u017curne:<\/strong><\/p>\n\n\n\n<ul class=\"wp-block-list\"><li>Stra\u017cy Po\u017carnej,<\/li><li>Policji,<\/li><li>Pogotowia energetycznego,<\/li><li>Pogotowia gazowego,<\/li><\/ul>\n\n\n\n<p>lub<\/p>\n\n\n\n<ul class=\"wp-block-list\"><li>Miejskie Centrum Zarz\u0105dzania Kryzysowego.<\/li><\/ul>\n","protected":false},"excerpt":{"rendered":"<p>najcz\u0119stsz\u0105 przyczyn\u0105 ich wyst\u0119powania jest powstawanie chmur burzowych na skutek silnych, pionowych ruch\u00f3w powietrza. Zdarzaj\u0105 si\u0119 najcz\u0119\u015bciej w okresie letnim. Burzy cz\u0119sto towarzysz\u0105 wy\u0142adowania atmosferyczne, ulewy i gradobicia. Piorun &#8211; to wy\u0142adowanie atmosferyczne o napi\u0119ciu kilkudziesi\u0119ciu tysi\u0119cy wolt i nat\u0119\u017ceniu 20-50 kiloamper\u00f3w, nast\u0119puj\u0105ce w u\u0142amku sekundy, kt\u00f3re szuka sobie drogi &#8211; przez maszt, anten\u0119, cz\u0119\u015bci [&hellip;]<\/p>\n","protected":false},"author":45,"featured_media":0,"parent":0,"menu_order":0,"comment_status":"closed","ping_status":"closed","template":"","meta":{"_acf_changed":false,"footnotes":""},"class_list":["post-181","page","type-page","status-publish","hentry"],"acf":[],"yoast_head":"<!-- This site is optimized with the Yoast SEO plugin v26.9 - https:\/\/yoast.com\/product\/yoast-seo-wordpress\/ -->\n<title>Burze - Miejskie Centrum Zarz\u0105dzania Kryzysowego<\/title>\n<meta name=\"robots\" content=\"index, follow, max-snippet:-1, max-image-preview:large, max-video-preview:-1\" \/>\n<link rel=\"canonical\" href=\"https:\/\/siemianowice.pl\/mczk\/burze\/\" \/>\n<meta property=\"og:locale\" content=\"pl_PL\" \/>\n<meta property=\"og:type\" content=\"article\" \/>\n<meta property=\"og:title\" content=\"Burze - Miejskie Centrum Zarz\u0105dzania Kryzysowego\" \/>\n<meta property=\"og:description\" content=\"najcz\u0119stsz\u0105 przyczyn\u0105 ich wyst\u0119powania jest powstawanie chmur burzowych na skutek silnych, pionowych ruch\u00f3w powietrza. Zdarzaj\u0105 si\u0119 najcz\u0119\u015bciej w okresie letnim. Burzy cz\u0119sto towarzysz\u0105 wy\u0142adowania atmosferyczne, ulewy i gradobicia. Piorun &#8211; to wy\u0142adowanie atmosferyczne o napi\u0119ciu kilkudziesi\u0119ciu tysi\u0119cy wolt i nat\u0119\u017ceniu 20-50 kiloamper\u00f3w, nast\u0119puj\u0105ce w u\u0142amku sekundy, kt\u00f3re szuka sobie drogi &#8211; przez maszt, anten\u0119, cz\u0119\u015bci [&hellip;]\" \/>\n<meta property=\"og:url\" content=\"https:\/\/siemianowice.pl\/mczk\/burze\/\" \/>\n<meta property=\"og:site_name\" content=\"Miejskie Centrum Zarz\u0105dzania Kryzysowego\" \/>\n<meta property=\"article:modified_time\" content=\"2023-03-14T12:14:00+00:00\" \/>\n<meta name=\"twitter:card\" content=\"summary_large_image\" \/>\n<meta name=\"twitter:label1\" content=\"Szacowany czas czytania\" \/>\n\t<meta name=\"twitter:data1\" content=\"2 minuty\" \/>\n<script type=\"application\/ld+json\" class=\"yoast-schema-graph\">{\"@context\":\"https:\/\/schema.org\",\"@graph\":[{\"@type\":\"WebPage\",\"@id\":\"https:\/\/siemianowice.pl\/mczk\/burze\/\",\"url\":\"https:\/\/siemianowice.pl\/mczk\/burze\/\",\"name\":\"Burze - Miejskie Centrum Zarz\u0105dzania Kryzysowego\",\"isPartOf\":{\"@id\":\"https:\/\/siemianowice.pl\/mczk\/#website\"},\"datePublished\":\"2023-03-14T11:59:36+00:00\",\"dateModified\":\"2023-03-14T12:14:00+00:00\",\"breadcrumb\":{\"@id\":\"https:\/\/siemianowice.pl\/mczk\/burze\/#breadcrumb\"},\"inLanguage\":\"pl-PL\",\"potentialAction\":[{\"@type\":\"ReadAction\",\"target\":[\"https:\/\/siemianowice.pl\/mczk\/burze\/\"]}]},{\"@type\":\"BreadcrumbList\",\"@id\":\"https:\/\/siemianowice.pl\/mczk\/burze\/#breadcrumb\",\"itemListElement\":[{\"@type\":\"ListItem\",\"position\":1,\"name\":\"Strona g\u0142\u00f3wna\",\"item\":\"https:\/\/siemianowice.pl\/mczk\/\"},{\"@type\":\"ListItem\",\"position\":2,\"name\":\"Burze\"}]},{\"@type\":\"WebSite\",\"@id\":\"https:\/\/siemianowice.pl\/mczk\/#website\",\"url\":\"https:\/\/siemianowice.pl\/mczk\/\",\"name\":\"Miejskie Centrum Zarz\u0105dzania Kryzysowego\",\"description\":\"BEZPIECZNE SIEMIANOWICE\",\"potentialAction\":[{\"@type\":\"SearchAction\",\"target\":{\"@type\":\"EntryPoint\",\"urlTemplate\":\"https:\/\/siemianowice.pl\/mczk\/?s={search_term_string}\"},\"query-input\":{\"@type\":\"PropertyValueSpecification\",\"valueRequired\":true,\"valueName\":\"search_term_string\"}}],\"inLanguage\":\"pl-PL\"}]}<\/script>\n<!-- \/ Yoast SEO plugin. -->","yoast_head_json":{"title":"Burze - Miejskie Centrum Zarz\u0105dzania Kryzysowego","robots":{"index":"index","follow":"follow","max-snippet":"max-snippet:-1","max-image-preview":"max-image-preview:large","max-video-preview":"max-video-preview:-1"},"canonical":"https:\/\/siemianowice.pl\/mczk\/burze\/","og_locale":"pl_PL","og_type":"article","og_title":"Burze - Miejskie Centrum Zarz\u0105dzania Kryzysowego","og_description":"najcz\u0119stsz\u0105 przyczyn\u0105 ich wyst\u0119powania jest powstawanie chmur burzowych na skutek silnych, pionowych ruch\u00f3w powietrza. Zdarzaj\u0105 si\u0119 najcz\u0119\u015bciej w okresie letnim. Burzy cz\u0119sto towarzysz\u0105 wy\u0142adowania atmosferyczne, ulewy i gradobicia. Piorun &#8211; to wy\u0142adowanie atmosferyczne o napi\u0119ciu kilkudziesi\u0119ciu tysi\u0119cy wolt i nat\u0119\u017ceniu 20-50 kiloamper\u00f3w, nast\u0119puj\u0105ce w u\u0142amku sekundy, kt\u00f3re szuka sobie drogi &#8211; przez maszt, anten\u0119, cz\u0119\u015bci [&hellip;]","og_url":"https:\/\/siemianowice.pl\/mczk\/burze\/","og_site_name":"Miejskie Centrum Zarz\u0105dzania Kryzysowego","article_modified_time":"2023-03-14T12:14:00+00:00","twitter_card":"summary_large_image","twitter_misc":{"Szacowany czas czytania":"2 minuty"},"schema":{"@context":"https:\/\/schema.org","@graph":[{"@type":"WebPage","@id":"https:\/\/siemianowice.pl\/mczk\/burze\/","url":"https:\/\/siemianowice.pl\/mczk\/burze\/","name":"Burze - Miejskie Centrum Zarz\u0105dzania Kryzysowego","isPartOf":{"@id":"https:\/\/siemianowice.pl\/mczk\/#website"},"datePublished":"2023-03-14T11:59:36+00:00","dateModified":"2023-03-14T12:14:00+00:00","breadcrumb":{"@id":"https:\/\/siemianowice.pl\/mczk\/burze\/#breadcrumb"},"inLanguage":"pl-PL","potentialAction":[{"@type":"ReadAction","target":["https:\/\/siemianowice.pl\/mczk\/burze\/"]}]},{"@type":"BreadcrumbList","@id":"https:\/\/siemianowice.pl\/mczk\/burze\/#breadcrumb","itemListElement":[{"@type":"ListItem","position":1,"name":"Strona g\u0142\u00f3wna","item":"https:\/\/siemianowice.pl\/mczk\/"},{"@type":"ListItem","position":2,"name":"Burze"}]},{"@type":"WebSite","@id":"https:\/\/siemianowice.pl\/mczk\/#website","url":"https:\/\/siemianowice.pl\/mczk\/","name":"Miejskie Centrum Zarz\u0105dzania Kryzysowego","description":"BEZPIECZNE SIEMIANOWICE","potentialAction":[{"@type":"SearchAction","target":{"@type":"EntryPoint","urlTemplate":"https:\/\/siemianowice.pl\/mczk\/?s={search_term_string}"},"query-input":{"@type":"PropertyValueSpecification","valueRequired":true,"valueName":"search_term_string"}}],"inLanguage":"pl-PL"}]}},"_links":{"self":[{"href":"https:\/\/siemianowice.pl\/mczk\/wp-json\/wp\/v2\/pages\/181","targetHints":{"allow":["GET"]}}],"collection":[{"href":"https:\/\/siemianowice.pl\/mczk\/wp-json\/wp\/v2\/pages"}],"about":[{"href":"https:\/\/siemianowice.pl\/mczk\/wp-json\/wp\/v2\/types\/page"}],"author":[{"embeddable":true,"href":"https:\/\/siemianowice.pl\/mczk\/wp-json\/wp\/v2\/users\/45"}],"replies":[{"embeddable":true,"href":"https:\/\/siemianowice.pl\/mczk\/wp-json\/wp\/v2\/comments?post=181"}],"version-history":[{"count":3,"href":"https:\/\/siemianowice.pl\/mczk\/wp-json\/wp\/v2\/pages\/181\/revisions"}],"predecessor-version":[{"id":186,"href":"https:\/\/siemianowice.pl\/mczk\/wp-json\/wp\/v2\/pages\/181\/revisions\/186"}],"wp:attachment":[{"href":"https:\/\/siemianowice.pl\/mczk\/wp-json\/wp\/v2\/media?parent=181"}],"curies":[{"name":"wp","href":"https:\/\/api.w.org\/{rel}","templated":true}]}}