{"id":193,"date":"2023-03-15T11:06:50","date_gmt":"2023-03-15T10:06:50","guid":{"rendered":"https:\/\/siemianowice.pl\/mczk\/?page_id=193"},"modified":"2023-03-15T11:06:50","modified_gmt":"2023-03-15T10:06:50","slug":"katastrofy-drogowe-i-kolejowe","status":"publish","type":"page","link":"https:\/\/siemianowice.pl\/mczk\/katastrofy-drogowe-i-kolejowe\/","title":{"rendered":"Katastrofy drogowe i kolejowe"},"content":{"rendered":"\n<p><strong><span class=\"has-inline-color has-vivid-red-color\">KATASTROFY DROGOWE <\/span><\/strong><\/p>\n\n\n\n<p>Nieustanna rozbudowa sieci dr\u00f3g i r\u00f3\u017cnorodno\u015b\u0107 przewo\u017conych \u0142adunk\u00f3w zwi\u0119kszaj\u0105 zagro\u017cenie wyst\u0105pienia katastrofy i wypadku drogowego.<\/p>\n\n\n\n<p><strong>Je\u015bli jeste\u015b \u015bwiadkiem wypadku drogowego to:<\/strong><\/p>\n\n\n\n<ul class=\"wp-block-list\"><li>je\u017celi jedziesz samochodem zas\u0142o\u0144 miejsce wypadku oraz osoby udzielaj\u0105ce pomocy bry\u0142\u0105 pojazdu, kt\u00f3ry musi mie\u0107 w\u0142\u0105czone \u015bwiat\u0142a awaryjne i postojowe, a w warunkach nocnych \u015bwiat\u0142a mijania, kt\u00f3re o\u015bwietlaj\u0105 miejsce wypadku,<\/li><li>w odpowiedniej odleg\u0142o\u015bci ustaw tr\u00f3jk\u0105ty ostrzegawcze (w\u0142asny lub z pojazd\u00f3w poszkodowanych),<\/li><li>wezwij s\u0142u\u017cby ratownicze \u2013 poprzez numer 112,<\/li><li>udziel pierwszej pomocy przedmedycznej poszkodowanym.<\/li><\/ul>\n\n\n\n<p><strong><span class=\"has-inline-color has-vivid-red-color\">PAMI\u0118TAJ!!!<\/span><\/strong><\/p>\n\n\n\n<p><strong>Wszystkie czynno\u015bci wykonuj z rozwag\u0105, bez niepotrzebnych emocji i dodatkowych zniszcze\u0144, do czasu a\u017c przyb\u0119d\u0105 specjalistyczne s\u0142u\u017cby ratownicze. Twoje bezpiecze\u0144stwo w czasie udzielania pomocy jest najwa\u017cniejsze. Pami\u0119taj, \u017ce Ty r\u00f3wnie\u017c mo\u017cesz si\u0119 znale\u017a\u0107 w podobnej sytuacji.<\/strong><\/p>\n\n\n\n<p><br><strong><span class=\"has-inline-color has-vivid-red-color\">KATASTROFY KOLEJOWE<\/span><\/strong><\/p>\n\n\n\n<p>Katastrofy kolejowe &#8211; wyst\u0119puj\u0105 stosunkowo rzadko. Jednak olbrzymia ilo\u015b\u0107, wielko\u015b\u0107 i r\u00f3\u017cnorodno\u015b\u0107 niebezpiecznych \u0142adunk\u00f3w (chemiczne, toksyczne, \u0142atwopalne i inne) zwi\u0119kszaj\u0105 skal\u0119 i rozmiar zagro\u017ce\u0144, kt\u00f3re w r\u00f3wnej mierze mog\u0105 dotkn\u0105\u0107 mieszka\u0144c\u00f3w w pobli\u017cu szlak\u00f3w kolejowych.<\/p>\n\n\n\n<p><strong>Do podstawowych zasad nale\u017cy:<\/strong><\/p>\n\n\n\n<ul class=\"wp-block-list\"><li>powiadomienie s\u0142u\u017cb ratowniczych \u2013 poprzez numer 112,<\/li><li>udzielenie pomocy l\u017cej poszkodowanym, gdy nie grozi to po\u017carem, wybuchem i gdy nie ma innych zagro\u017ce\u0144,<\/li><li>stosowanie si\u0119 do polece\u0144 s\u0142u\u017cb ratowniczych,<\/li><li>oddalenie si\u0119 jak najszybciej, gdy jest podejrzenie wycieku niebezpiecznej substancji lub wybuchu,<\/li><li>ostrzeganie innych przypadkowych \u015bwiadk\u00f3w zdarzenia.<\/li><\/ul>\n\n\n\n<p><strong><span class=\"has-inline-color has-vivid-red-color\">Je\u015bli by\u0142e\u015b uczestnikiem katastrofy nie opuszczaj miejsca zdarzenia bez przebadania przez lekarza, poniewa\u017c skutki mog\u0105 si\u0119 ujawni\u0107 dopiero po kilku godzinach.<\/span><\/strong><\/p>\n","protected":false},"excerpt":{"rendered":"<p>KATASTROFY DROGOWE Nieustanna rozbudowa sieci dr\u00f3g i r\u00f3\u017cnorodno\u015b\u0107 przewo\u017conych \u0142adunk\u00f3w zwi\u0119kszaj\u0105 zagro\u017cenie wyst\u0105pienia katastrofy i wypadku drogowego. Je\u015bli jeste\u015b \u015bwiadkiem wypadku drogowego to: je\u017celi jedziesz samochodem zas\u0142o\u0144 miejsce wypadku oraz osoby udzielaj\u0105ce pomocy bry\u0142\u0105 pojazdu, kt\u00f3ry musi mie\u0107 w\u0142\u0105czone \u015bwiat\u0142a awaryjne i postojowe, a w warunkach nocnych \u015bwiat\u0142a mijania, kt\u00f3re o\u015bwietlaj\u0105 miejsce wypadku, w odpowiedniej [&hellip;]<\/p>\n","protected":false},"author":45,"featured_media":0,"parent":0,"menu_order":0,"comment_status":"closed","ping_status":"closed","template":"","meta":{"_acf_changed":false,"footnotes":""},"class_list":["post-193","page","type-page","status-publish","hentry"],"acf":[],"yoast_head":"<!-- This site is optimized with the Yoast SEO plugin v26.9 - https:\/\/yoast.com\/product\/yoast-seo-wordpress\/ -->\n<title>Katastrofy drogowe i kolejowe - Miejskie Centrum Zarz\u0105dzania Kryzysowego<\/title>\n<meta name=\"robots\" content=\"index, follow, max-snippet:-1, max-image-preview:large, max-video-preview:-1\" \/>\n<link rel=\"canonical\" href=\"https:\/\/siemianowice.pl\/mczk\/katastrofy-drogowe-i-kolejowe\/\" \/>\n<meta property=\"og:locale\" content=\"pl_PL\" \/>\n<meta property=\"og:type\" content=\"article\" \/>\n<meta property=\"og:title\" content=\"Katastrofy drogowe i kolejowe - Miejskie Centrum Zarz\u0105dzania Kryzysowego\" \/>\n<meta property=\"og:description\" content=\"KATASTROFY DROGOWE Nieustanna rozbudowa sieci dr\u00f3g i r\u00f3\u017cnorodno\u015b\u0107 przewo\u017conych \u0142adunk\u00f3w zwi\u0119kszaj\u0105 zagro\u017cenie wyst\u0105pienia katastrofy i wypadku drogowego. Je\u015bli jeste\u015b \u015bwiadkiem wypadku drogowego to: je\u017celi jedziesz samochodem zas\u0142o\u0144 miejsce wypadku oraz osoby udzielaj\u0105ce pomocy bry\u0142\u0105 pojazdu, kt\u00f3ry musi mie\u0107 w\u0142\u0105czone \u015bwiat\u0142a awaryjne i postojowe, a w warunkach nocnych \u015bwiat\u0142a mijania, kt\u00f3re o\u015bwietlaj\u0105 miejsce wypadku, w odpowiedniej [&hellip;]\" \/>\n<meta property=\"og:url\" content=\"https:\/\/siemianowice.pl\/mczk\/katastrofy-drogowe-i-kolejowe\/\" \/>\n<meta property=\"og:site_name\" content=\"Miejskie Centrum Zarz\u0105dzania Kryzysowego\" \/>\n<meta name=\"twitter:card\" content=\"summary_large_image\" \/>\n<meta name=\"twitter:label1\" content=\"Szacowany czas czytania\" \/>\n\t<meta name=\"twitter:data1\" content=\"1 minuta\" \/>\n<script type=\"application\/ld+json\" class=\"yoast-schema-graph\">{\"@context\":\"https:\/\/schema.org\",\"@graph\":[{\"@type\":\"WebPage\",\"@id\":\"https:\/\/siemianowice.pl\/mczk\/katastrofy-drogowe-i-kolejowe\/\",\"url\":\"https:\/\/siemianowice.pl\/mczk\/katastrofy-drogowe-i-kolejowe\/\",\"name\":\"Katastrofy drogowe i kolejowe - Miejskie Centrum Zarz\u0105dzania Kryzysowego\",\"isPartOf\":{\"@id\":\"https:\/\/siemianowice.pl\/mczk\/#website\"},\"datePublished\":\"2023-03-15T10:06:50+00:00\",\"breadcrumb\":{\"@id\":\"https:\/\/siemianowice.pl\/mczk\/katastrofy-drogowe-i-kolejowe\/#breadcrumb\"},\"inLanguage\":\"pl-PL\",\"potentialAction\":[{\"@type\":\"ReadAction\",\"target\":[\"https:\/\/siemianowice.pl\/mczk\/katastrofy-drogowe-i-kolejowe\/\"]}]},{\"@type\":\"BreadcrumbList\",\"@id\":\"https:\/\/siemianowice.pl\/mczk\/katastrofy-drogowe-i-kolejowe\/#breadcrumb\",\"itemListElement\":[{\"@type\":\"ListItem\",\"position\":1,\"name\":\"Strona g\u0142\u00f3wna\",\"item\":\"https:\/\/siemianowice.pl\/mczk\/\"},{\"@type\":\"ListItem\",\"position\":2,\"name\":\"Katastrofy drogowe i kolejowe\"}]},{\"@type\":\"WebSite\",\"@id\":\"https:\/\/siemianowice.pl\/mczk\/#website\",\"url\":\"https:\/\/siemianowice.pl\/mczk\/\",\"name\":\"Miejskie Centrum Zarz\u0105dzania Kryzysowego\",\"description\":\"BEZPIECZNE SIEMIANOWICE\",\"potentialAction\":[{\"@type\":\"SearchAction\",\"target\":{\"@type\":\"EntryPoint\",\"urlTemplate\":\"https:\/\/siemianowice.pl\/mczk\/?s={search_term_string}\"},\"query-input\":{\"@type\":\"PropertyValueSpecification\",\"valueRequired\":true,\"valueName\":\"search_term_string\"}}],\"inLanguage\":\"pl-PL\"}]}<\/script>\n<!-- \/ Yoast SEO plugin. -->","yoast_head_json":{"title":"Katastrofy drogowe i kolejowe - Miejskie Centrum Zarz\u0105dzania Kryzysowego","robots":{"index":"index","follow":"follow","max-snippet":"max-snippet:-1","max-image-preview":"max-image-preview:large","max-video-preview":"max-video-preview:-1"},"canonical":"https:\/\/siemianowice.pl\/mczk\/katastrofy-drogowe-i-kolejowe\/","og_locale":"pl_PL","og_type":"article","og_title":"Katastrofy drogowe i kolejowe - Miejskie Centrum Zarz\u0105dzania Kryzysowego","og_description":"KATASTROFY DROGOWE Nieustanna rozbudowa sieci dr\u00f3g i r\u00f3\u017cnorodno\u015b\u0107 przewo\u017conych \u0142adunk\u00f3w zwi\u0119kszaj\u0105 zagro\u017cenie wyst\u0105pienia katastrofy i wypadku drogowego. Je\u015bli jeste\u015b \u015bwiadkiem wypadku drogowego to: je\u017celi jedziesz samochodem zas\u0142o\u0144 miejsce wypadku oraz osoby udzielaj\u0105ce pomocy bry\u0142\u0105 pojazdu, kt\u00f3ry musi mie\u0107 w\u0142\u0105czone \u015bwiat\u0142a awaryjne i postojowe, a w warunkach nocnych \u015bwiat\u0142a mijania, kt\u00f3re o\u015bwietlaj\u0105 miejsce wypadku, w odpowiedniej [&hellip;]","og_url":"https:\/\/siemianowice.pl\/mczk\/katastrofy-drogowe-i-kolejowe\/","og_site_name":"Miejskie Centrum Zarz\u0105dzania Kryzysowego","twitter_card":"summary_large_image","twitter_misc":{"Szacowany czas czytania":"1 minuta"},"schema":{"@context":"https:\/\/schema.org","@graph":[{"@type":"WebPage","@id":"https:\/\/siemianowice.pl\/mczk\/katastrofy-drogowe-i-kolejowe\/","url":"https:\/\/siemianowice.pl\/mczk\/katastrofy-drogowe-i-kolejowe\/","name":"Katastrofy drogowe i kolejowe - Miejskie Centrum Zarz\u0105dzania Kryzysowego","isPartOf":{"@id":"https:\/\/siemianowice.pl\/mczk\/#website"},"datePublished":"2023-03-15T10:06:50+00:00","breadcrumb":{"@id":"https:\/\/siemianowice.pl\/mczk\/katastrofy-drogowe-i-kolejowe\/#breadcrumb"},"inLanguage":"pl-PL","potentialAction":[{"@type":"ReadAction","target":["https:\/\/siemianowice.pl\/mczk\/katastrofy-drogowe-i-kolejowe\/"]}]},{"@type":"BreadcrumbList","@id":"https:\/\/siemianowice.pl\/mczk\/katastrofy-drogowe-i-kolejowe\/#breadcrumb","itemListElement":[{"@type":"ListItem","position":1,"name":"Strona g\u0142\u00f3wna","item":"https:\/\/siemianowice.pl\/mczk\/"},{"@type":"ListItem","position":2,"name":"Katastrofy drogowe i kolejowe"}]},{"@type":"WebSite","@id":"https:\/\/siemianowice.pl\/mczk\/#website","url":"https:\/\/siemianowice.pl\/mczk\/","name":"Miejskie Centrum Zarz\u0105dzania Kryzysowego","description":"BEZPIECZNE SIEMIANOWICE","potentialAction":[{"@type":"SearchAction","target":{"@type":"EntryPoint","urlTemplate":"https:\/\/siemianowice.pl\/mczk\/?s={search_term_string}"},"query-input":{"@type":"PropertyValueSpecification","valueRequired":true,"valueName":"search_term_string"}}],"inLanguage":"pl-PL"}]}},"_links":{"self":[{"href":"https:\/\/siemianowice.pl\/mczk\/wp-json\/wp\/v2\/pages\/193","targetHints":{"allow":["GET"]}}],"collection":[{"href":"https:\/\/siemianowice.pl\/mczk\/wp-json\/wp\/v2\/pages"}],"about":[{"href":"https:\/\/siemianowice.pl\/mczk\/wp-json\/wp\/v2\/types\/page"}],"author":[{"embeddable":true,"href":"https:\/\/siemianowice.pl\/mczk\/wp-json\/wp\/v2\/users\/45"}],"replies":[{"embeddable":true,"href":"https:\/\/siemianowice.pl\/mczk\/wp-json\/wp\/v2\/comments?post=193"}],"version-history":[{"count":1,"href":"https:\/\/siemianowice.pl\/mczk\/wp-json\/wp\/v2\/pages\/193\/revisions"}],"predecessor-version":[{"id":194,"href":"https:\/\/siemianowice.pl\/mczk\/wp-json\/wp\/v2\/pages\/193\/revisions\/194"}],"wp:attachment":[{"href":"https:\/\/siemianowice.pl\/mczk\/wp-json\/wp\/v2\/media?parent=193"}],"curies":[{"name":"wp","href":"https:\/\/api.w.org\/{rel}","templated":true}]}}